{"id":4107,"date":"2015-03-26T11:25:21","date_gmt":"2015-03-26T11:25:21","guid":{"rendered":"http:\/\/szulokhaza.hu\/erd\/?page_id=4107"},"modified":"2015-06-01T07:46:43","modified_gmt":"2015-06-01T07:46:43","slug":"kreativ-nyari-tabor-2015-2","status":"publish","type":"page","link":"https:\/\/szulokhaza.hu\/erd\/kreativ-nyari-tabor-2015-2\/","title":{"rendered":"Kreat\u00edv Ny\u00e1ri T\u00e1bor 2015"},"content":{"rendered":"<article id=\"post-3553\" class=\"post-3553 page type-page status-publish hentry post-single page-single has_thumb\">\n<div class=\"post-content\">\n<div class=\"entry-content\">\n<p class=\"rtecenter\"><strong>SZ\u00dcL\u0150K H\u00c1ZA KREAT\u00cdV NAPK\u00d6ZIS T\u00c1BOR TEMATIKUS HETEKKEL, 3 \u00c9VES KORT\u00d3L<\/strong><\/p>\n<p><img decoding=\"async\" class=\"\" src=\"http:\/\/szulokhaza.hu\/ujbuda\/wp-content\/uploads\/taborkicsi.jpg\" alt=\"taborkicsi.jpg\" \/><\/p>\n<p><strong><em>sport, zene, n\u00e9pm\u0171v\u00e9szet, mese, kir\u00e1ndul\u00e1s, fot\u00f3, nyelvek, sz\u00ednh\u00e1z, cirkusz, dr\u00e1ma, kaland<\/em><\/strong><\/p>\n<p>Hetente m\u00e1s-m\u00e1s programmal v\u00e1rjuk a 3-8 \u00e9ves gyerekeket ny\u00e1ri napk\u00f6zis t\u00e1borunkban a Sz\u00fcl\u0151k H\u00e1z\u00e1ban!<br \/>\nA minim\u0171v\u00e9szek, a leend\u0151 kis olimpikonok, a term\u00e9szetb\u00fav\u00e1rok, a t\u00e1nc \u00e9s a zene szerelmesei, a cirkusz, a sz\u00ednh\u00e1z, a mes\u00e9k, a fot\u00f3z\u00e1s vagy a nyelvek ir\u00e1nt \u00e9rdekl\u0151d\u0151 csemet\u00e9k is a sz\u00e1mukra legizgalmasabb elfoglalts\u00e1ggal t\u00f6lthetik a vak\u00e1ci\u00f3t.<\/p>\n<p><strong>Egyhetes turnusaink 2015-ben a k\u00f6vetkez\u0151 id\u0151pontokban indulnak:<\/strong><img loading=\"lazy\" decoding=\"async\" class=\"\" src=\"http:\/\/szulokhaza.hu\/ujbuda\/wp-content\/uploads\/tabor11.jpg\" alt=\"tabor11.jpg\" width=\"300\" height=\"225\" \/><\/p>\n<p>1. j\u00fanius 15 \u2013 19. <a href=\"http:\/\/szulokhaza.hu\/ujbuda\/egyeb\/j%c3%banius-k%c3%b6zep%c3%a9t%c5%91l-indul-a-nagy-kaland-sz%c3%bcl%c5%91k-h%c3%a1za-ny%c3%a1ri-t%c3%a1bor\/\">Sz\u00ednh\u00e1zi t\u00e1bor<\/a> \u2013 J\u00e1tsszunk mes\u00e9t! Legy\u00e9l hercegn\u0151, szuperh\u0151s!<br \/>\n2. j\u00fanius 22 \u2013 26. <a href=\"http:\/\/szulokhaza.hu\/ujbuda\/egyeb\/j%c3%banius-k%c3%b6zep%c3%a9t%c5%91l-indul-a-nagy-kaland-sz%c3%bcl%c5%91k-h%c3%a1za-ny%c3%a1ri-t%c3%a1bor\/\">Nyelvi t\u00e1bor<\/a> \u2013 J\u00e1t\u00e9kos ismerked\u00e9s idegennyelvekkel<br \/>\n3. j\u00fanius 29- j\u00fal. 3.\u00a0<a href=\"http:\/\/szulokhaza.hu\/ujbuda\/egyeb\/ny%c3%a1ri-kreat%c3%adv-t%c3%a1borunk-augusztusi-turnusai\/\">N\u00e9pm\u0171v\u00e9szeti t\u00e1bor<\/a> \u2013 Alkossunk egy\u00fctt!<br \/>\n4. j\u00falius 6-10. <a href=\"http:\/\/szulokhaza.hu\/ujbuda\/egyeb\/ny%c3%a1ri-kreat%c3%adv-t%c3%a1borunk-j%c3%baliusi-turnusai\/\">Fot\u00f3s t\u00e1bor<\/a> \u2013 A gyermekek szemsz\u00f6g\u00e9b\u0151l<br \/>\n5. j\u00falius 13 \u2013 17. <a href=\"http:\/\/szulokhaza.hu\/ujbuda\/egyeb\/ny%c3%a1ri-kreat%c3%adv-t%c3%a1borunk-j%c3%baliusi-turnusai\/\">Term\u00e9szetb\u00fav\u00e1r t\u00e1bor<\/a> \u2013 Fedezz\u00fck fel k\u00f6rnyezet\u00fcnket!<br \/>\n6. j\u00falius 20 \u2013 24. <a href=\"http:\/\/szulokhaza.hu\/ujbuda\/egyeb\/ny%c3%a1ri-kreat%c3%adv-t%c3%a1borunk-j%c3%baliusi-turnusai\/\">Disney meset\u00e1bor<\/a> \u2013 Ismerked\u00e9s Aladdinnal \u00e9s Micimack\u00f3val \u00e9s Aranyhajjal<br \/>\n7. j\u00falius 27 \u2013 31. <a href=\"http:\/\/szulokhaza.hu\/ujbuda\/egyeb\/ny%c3%a1ri-kreat%c3%adv-t%c3%a1borunk-j%c3%baliusi-turnusai\/\">Sportt\u00e1bor<\/a> \u2013 Az eg\u00e9szs\u00e9g jegy\u00e9ben<br \/>\n8. aug. 3 \u2013 7. <a href=\"http:\/\/szulokhaza.hu\/ujbuda\/egyeb\/ny%c3%a1ri-kreat%c3%adv-t%c3%a1borunk-augusztusi-turnusai\/\">Zenet\u00e1bor<\/a>\u2013 Rep\u00fcl\u00e9s a zene sz\u00e1rny\u00e1n a ritmus \u00e9s a dallam vil\u00e1g\u00e1ba<br \/>\n9. aug. 10\u201314.\u00a0 <a href=\"http:\/\/szulokhaza.hu\/ujbuda\/egyeb\/ny%c3%a1ri-kreat%c3%adv-t%c3%a1borunk-augusztusi-turnusai\/\">Cirkuszi t\u00e1bor<\/a> \u2013 Mert cirkusz az eg\u00e9sz vil\u00e1g<br \/>\n10. aug. 17 \u2013 19. <a href=\"http:\/\/szulokhaza.hu\/ujbuda\/egyeb\/ny%c3%a1ri-kreat%c3%adv-t%c3%a1borunk-augusztusi-turnusai\/\">Meset\u00e1bor<\/a> \u2013 Ismerked\u00e9s a k\u00fcl\u00f6nb\u00f6z\u0151 mes\u00e9k vil\u00e1g\u00e1val<\/p>\n<p>A T\u00c1BOR D\u00cdJA<br \/>\n22.500 Ft \/ h\u00e9t, mely tartalmazza:<br \/>\n\u2022 a kreat\u00edv gyermekfel\u00fcgyeletet h\u00e9tk\u00f6znapokon 9.00-17.00 \u00f3r\u00e1ig (ig\u00e9ny eset\u00e9n 7.30-t\u00f3l) a j\u00e1tsz\u00f3h\u00e1zban \u00e9s a k\u00f6zeli j\u00e1tsz\u00f3t\u00e9ren<br \/>\n\u2022 a h\u00e9t t\u00e9m\u00e1j\u00e1hoz kapcsol\u00f3d\u00f3 kreat\u00edv foglalkoz\u00e1sokat<br \/>\n\u2022 eb\u00e9det<br \/>\n\u2022 szakk\u00e9pzett pedag\u00f3gusok kifogyhatatlan j\u00e1t\u00e9kt\u00e1r\u00e1t <img decoding=\"async\" class=\"wp-smiley\" src=\"http:\/\/szulokhaza.hu\/ujbuda\/wp-includes\/images\/smilies\/icon_smile.gif\" alt=\":)\" \/><\/p>\n<p>T\u00e1bori napijegy: 4900 Ft<\/p>\n<p>&nbsp;<\/p>\n<p>Testv\u00e9reknek 10 % kedvezm\u00e9nyt biztos\u00edtunk.<\/p>\n<p><strong>Jelentkezni \u00e9s \u00e9rdekl\u0151dni lehet:<\/strong><br \/>\nTelefonon: (06-30) 727-2062<br \/>\nE-mailben: szulokhazaerd@szulokhaza.hu<br \/>\nSzem\u00e9lyesen: 2030 \u00c9rd, Gy\u00f6rgy utca 63.<\/p>\n<\/div>\n<\/div>\n<\/article>\n","protected":false},"excerpt":{"rendered":"<p>SZ\u00dcL\u0150K H\u00c1ZA KREAT\u00cdV NAPK\u00d6ZIS T\u00c1BOR TEMATIKUS HETEKKEL, 3 \u00c9VES KORT\u00d3L sport, zene, n\u00e9pm\u0171v\u00e9szet, mese, kir\u00e1ndul\u00e1s, fot\u00f3, nyelvek, sz\u00ednh\u00e1z, cirkusz, dr\u00e1ma, kaland Hetente m\u00e1s-m\u00e1s programmal v\u00e1rjuk a 3-8 \u00e9ves gyerekeket ny\u00e1ri napk\u00f6zis t\u00e1borunkban a Sz\u00fcl\u0151k H\u00e1z\u00e1ban! A minim\u0171v\u00e9szek, a leend\u0151 kis olimpikonok, a term\u00e9szetb\u00fav\u00e1rok, a t\u00e1nc \u00e9s a zene szerelmesei, a cirkusz, a sz\u00ednh\u00e1z, a mes\u00e9k, [&hellip;]<\/p>\n","protected":false},"author":1510,"featured_media":0,"parent":0,"menu_order":0,"comment_status":"open","ping_status":"open","template":"","meta":{"_seopress_robots_primary_cat":"","_seopress_titles_title":"","_seopress_titles_desc":"","_seopress_robots_index":"","_et_pb_use_builder":"","_et_pb_old_content":"","_et_gb_content_width":"","footnotes":""},"class_list":["post-4107","page","type-page","status-publish","hentry"],"_links":{"self":[{"href":"https:\/\/szulokhaza.hu\/erd\/wp-json\/wp\/v2\/pages\/4107","targetHints":{"allow":["GET"]}}],"collection":[{"href":"https:\/\/szulokhaza.hu\/erd\/wp-json\/wp\/v2\/pages"}],"about":[{"href":"https:\/\/szulokhaza.hu\/erd\/wp-json\/wp\/v2\/types\/page"}],"author":[{"embeddable":true,"href":"https:\/\/szulokhaza.hu\/erd\/wp-json\/wp\/v2\/users\/1510"}],"replies":[{"embeddable":true,"href":"https:\/\/szulokhaza.hu\/erd\/wp-json\/wp\/v2\/comments?post=4107"}],"version-history":[{"count":0,"href":"https:\/\/szulokhaza.hu\/erd\/wp-json\/wp\/v2\/pages\/4107\/revisions"}],"wp:attachment":[{"href":"https:\/\/szulokhaza.hu\/erd\/wp-json\/wp\/v2\/media?parent=4107"}],"curies":[{"name":"wp","href":"https:\/\/api.w.org\/{rel}","templated":true}]}}