{"id":5894,"date":"2017-05-31T11:13:45","date_gmt":"2017-05-31T10:13:45","guid":{"rendered":"http:\/\/szulokhaza.hu\/erd\/?page_id=5894"},"modified":"2017-09-14T11:15:17","modified_gmt":"2017-09-14T10:15:17","slug":"csaladbarat-szemleletu-workshop-sorozat","status":"publish","type":"page","link":"https:\/\/szulokhaza.hu\/erd\/csaladbarat-szemleletu-workshop-sorozat\/","title":{"rendered":"Csal\u00e1dbar\u00e1t szeml\u00e9let\u0171 workshop-sorozat"},"content":{"rendered":"<p><strong>2017. janu\u00e1r \u00e9s m\u00e1jus k\u00f6z\u00f6tt nyolc alkalmas, csal\u00e1dbar\u00e1t szeml\u00e9let\u0171 workshop-sorozatot tartottunk a Sz\u00fcl\u0151k H\u00e1za munkav\u00e1llal\u00f3i r\u00e9sz\u00e9re. Munkat\u00e1rsaink\u00a0jogi-p\u00e9nz\u00fcgyi, valamint szakmai, a munka \u00e9s a mag\u00e1n\u00e9let egyens\u00faly\u00e1hoz k\u00f6t\u0151d\u0151 csal\u00e1dbar\u00e1t szeml\u00e9let\u0171 k\u00e9pz\u00e9seken vehettek r\u00e9szt, melyek tematik\u00e1i az al\u00e1bbiakban olvashat\u00f3k.<\/strong><\/p>\n<p><strong>Janu\u00e1r:<\/strong><\/p>\n<ul>\n<li>janu\u00e1r 13. Szakmai workshop: A munka \u00e9s a mag\u00e1n\u00e9let \u00f6sszehangol\u00e1sa \u2013 siker\u00e9lm\u00e9ny a munk\u00e1ban \u00e9s a mag\u00e1n\u00e9letben, megk\u00fczd\u00e9si strat\u00e9gi\u00e1k<\/li>\n<li>janu\u00e1r 20. Jogi-p\u00e9nz\u00fcgyi workshop: Munkajogi alapismeretek<\/li>\n<\/ul>\n<p>2017. janu\u00e1rj\u00e1ban n\u00e9gy-n\u00e9gy alkalmas workshop-sorozat vette kezdet\u00e9t a Sz\u00fcl\u0151k H\u00e1z\u00e1ban a szervezet munkat\u00e1rsai sz\u00e1m\u00e1ra. Az elk\u00f6vetkezend\u0151 h\u00f3napok sor\u00e1n munkav\u00e1llal\u00f3ink jogi-p\u00e9nz\u00fcgyi, valamint szakmai, a munka \u00e9s a mag\u00e1n\u00e9let egyens\u00faly\u00e1hoz k\u00f6t\u0151d\u0151 csal\u00e1dbar\u00e1t szeml\u00e9let\u0171 k\u00e9pz\u00e9seken vehetnek r\u00e9szt.<\/p>\n<p>A sorozat els\u0151 r\u00e9sz\u00e9re 13-\u00e1n, p\u00e9nteken ker\u00fclt sor, ahol a r\u00e9sztvev\u0151k a munkajog alapjaival ismerkedhettek meg, valamint a munka \u00e9s a mag\u00e1n\u00e9let \u00f6sszehangol\u00e1s\u00e1nak k\u00e9rd\u00e9s\u00e9vel kapcsolatban jutottak praktikus, a mindennapok sor\u00e1n hasznos\u00edthat\u00f3 ismeretekhez.<\/p>\n<p>A jogi workshopon els\u0151 alkalommal a munkajogi alapismereteket j\u00e1rtuk k\u00f6rbe, amelynek keret\u00e9ben a munkav\u00e1llal\u00f3k megismerkedhettek a legfontosabb fogalmakkal, az \u0151ket legink\u00e1bb \u00e9rint\u0151 szab\u00e1lyokkal. A k\u00e9pz\u00e9s r\u00e9sztvev\u0151i a gyakorlati \u00e9letb\u0151l vett p\u00e9ld\u00e1kon kereszt\u00fcl nyerhettek betekint\u00e9st a munkajog vil\u00e1g\u00e1ba, ami a k\u00e9s\u0151bbiekben is seg\u00edti az eligazod\u00e1st a legfontosabb szab\u00e1lyoz\u00e1si k\u00e9rd\u00e9sekben.<\/p>\n<p>A janu\u00e1r 20-\u00e1n tartott szakmai workshop sor\u00e1n sz\u00f3 volt t\u00f6bbek k\u00f6z\u00f6tt arr\u00f3l, hogyan \u00e9rhetj\u00fck el a saj\u00e1t magunk el\u00e9 kit\u0171z\u00f6tt c\u00e9lokat a munk\u00e1ban \u00e9s a mag\u00e1n\u00e9letben an\u00e9lk\u00fcl, hogy az egyik a m\u00e1sik rov\u00e1s\u00e1ra menne, \u00e9s milyen megk\u00fczd\u00e9si strat\u00e9gi\u00e1kat alkalmazhatunk a kudarc\u00e9lm\u00e9nyek lek\u00fczd\u00e9s\u00e9re. A tr\u00e9ning vezet\u0151je praktikus, \u00e9letszer\u0171 tan\u00e1csokkal l\u00e1tta el a r\u00e9sztvev\u0151ket, akiknek lehet\u0151s\u00e9g\u00fck volt szakmai vezet\u00e9ssel \u00e1tbesz\u00e9lni saj\u00e1t tapasztalataikat, neh\u00e9zs\u00e9geiket is.<\/p>\n<p><em>A workshop-sorozat az Emberi Er\u0151forr\u00e1sok Miniszt\u00e9riuma \u00e1ltal a \u201eCsal\u00e1dbar\u00e1t munkahelyek kialak\u00edt\u00e1s\u00e1nak \u00e9s fejleszt\u00e9s\u00e9nek t\u00e1mogat\u00e1s\u00e1ra\u201d ki\u00edrt CSP-CSBM-16 k\u00f3d\u00fa p\u00e1ly\u00e1zat keret\u00e9ben val\u00f3sul meg.<\/em><\/p>\n<p><strong>Febru\u00e1r:<\/strong><\/p>\n<ul>\n<li>febru\u00e1r 10. Jogi-p\u00e9nz\u00fcgyi workshop: P\u00e9nz\u00fcgyi tudatoss\u00e1g, p\u00e9nz\u00fcgyi tervez\u00e9s<\/li>\n<li>febru\u00e1r 17. Szakmai workshop: N\u0151i karriertervez\u00e9s \u2013 \u00f6nfejleszt\u00e9s, tanul\u00e1s, kih\u00edv\u00e1sok, \u00f6nmegval\u00f3s\u00edt\u00e1s<\/li>\n<\/ul>\n<p>A Sz\u00fcl\u0151k H\u00e1za munkat\u00e1rsai febru\u00e1rban is k\u00e9t hasznos workshopon vehettek r\u00e9szt. A h\u00f3nap t\u00e9m\u00e1i a n\u0151i karriertervez\u00e9shez, valamint a p\u00e9nz\u00fcgyi tudatoss\u00e1ghoz, a p\u00e9nz\u00fcgyi tervez\u00e9shez kapcsol\u00f3dtak.<\/p>\n<p>A 2017. febru\u00e1r 10-\u00e9n megval\u00f3sult k\u00e9pz\u00e9s sor\u00e1n a r\u00e9sztvev\u0151k hasznos ismeretekre tehettek szert a hat\u00e9kony \u00e9s gazdas\u00e1gos p\u00e9nz\u00fcgyi tervez\u00e9sr\u0151l: ismeretb\u0151v\u00edt\u0151 elm\u00e9leti alapoz\u00e1s ut\u00e1n interakt\u00edv, gyakorlatias feladatokat v\u00e9geztek el a tr\u00e9ningen.<\/p>\n<p>Febru\u00e1r 17-\u00e9n a karriertervez\u0151 workshop keret\u00e9ben a f\u0151 hangs\u00faly az \u00f6nismeretre helyez\u0151d\u00f6tt. Sz\u00f3 volt t\u00f6bbek k\u00f6z\u00f6tt a folyamatos tanul\u00e1s \u00e9s fejl\u0151d\u00e9s fontoss\u00e1g\u00e1r\u00f3l, az \u00f6nk\u00e9pz\u00e9s lehet\u0151s\u00e9geir\u0151l, valamint a saj\u00e1t c\u00e9lok kit\u0171z\u00e9s\u00e9nek \u00e9s el\u00e9r\u00e9s\u00e9nek m\u00f3djair\u00f3l, eszk\u00f6zeir\u0151l. Munkat\u00e1rsaink felv\u00e1zolhatt\u00e1k saj\u00e1t karrierc\u00e9ljaikat, r\u00f6vid- \u00e9s hossz\u00fa t\u00e1v\u00fa elk\u00e9pzel\u00e9seiket, majd egy\u00fctt gondolkodva seg\u00edtett\u00fck egym\u00e1st<\/p>\n<p><em>A workshop-sorozat az Emberi Er\u0151forr\u00e1sok Miniszt\u00e9riuma \u00e1ltal a \u201eCsal\u00e1dbar\u00e1t munkahelyek kialak\u00edt\u00e1s\u00e1nak \u00e9s fejleszt\u00e9s\u00e9nek t\u00e1mogat\u00e1s\u00e1ra\u201d ki\u00edrt CSP-CSBM-16 k\u00f3d\u00fa p\u00e1ly\u00e1zat keret\u00e9ben val\u00f3sul meg.<\/em><\/p>\n<p><strong>\u00c1prilis:<\/strong><\/p>\n<ul>\n<li>\u00e1prilis 21. Jogi-p\u00e9nz\u00fcgyi workshop: A Magyarorsz\u00e1gon el\u00e9rhet\u0151 csal\u00e1dt\u00e1mogat\u00e1sok rendszere<\/li>\n<\/ul>\n<p>\u00c1prilisban is folytat\u00f3dott a Sz\u00fcl\u0151k H\u00e1za munkat\u00e1rsainak sz\u00f3l\u00f3 k\u00e9pz\u00e9s-sorozat. A munkav\u00e1llal\u00f3k ez\u00fattal a Magyarorsz\u00e1gon el\u00e9rhet\u0151 csal\u00e1dt\u00e1mogat\u00e1si rendszerr\u0151l tanulhattak \u00e9s saj\u00e1t\u00edthattak el \u00e9rt\u00e9kes inform\u00e1ci\u00f3kat.<\/p>\n<p>Az \u00e1prilis 21-i k\u00e9pz\u00e9s r\u00e9sztvev\u0151i \u00e1tfog\u00f3 k\u00e9pet kaphattak a hazai csal\u00e1dt\u00e1mogat\u00e1sok rendszer\u00e9r\u0151l, \u00edgy teh\u00e1t megismerkedhettek minden alanyi jogon vagy felt\u00e9telekhez k\u00f6t\u00f6tten el\u00e9rhet\u0151 t\u00e1mogat\u00e1si form\u00e1val, amelyek a gyermekv\u00e1llal\u00e1s el\u0151tt \u00e1ll\u00f3 \u00e9s a m\u00e1r gyermeke(ke)t nevel\u0151 munkat\u00e1rsainkat egyar\u00e1nt hasznos inform\u00e1ci\u00f3kkal gazdag\u00edtott\u00e1k. A k\u00e9pz\u00e9s sor\u00e1n kit\u00e9rt\u00fcnk a felt\u00e9telekhez k\u00f6t\u00f6tt t\u00e1mogat\u00e1sok ig\u00e9nyl\u00e9s\u00e9re is, \u00e9s lehet\u0151s\u00e9get biztos\u00edtottunk arra, hogy szakember seg\u00edts\u00e9g\u00e9vel t\u00e9rk\u00e9pezhess\u00e9k fel a r\u00e9sztvev\u0151k, hogy milyen ell\u00e1t\u00e1sokra, t\u00e1mogat\u00e1sokra, kedvezm\u00e9nyekre lehetnek jogosultak.<\/p>\n<p><em>A workshop-sorozat az Emberi Er\u0151forr\u00e1sok Miniszt\u00e9riuma \u00e1ltal a \u201eCsal\u00e1dbar\u00e1t munkahelyek kialak\u00edt\u00e1s\u00e1nak \u00e9s fejleszt\u00e9s\u00e9nek t\u00e1mogat\u00e1s\u00e1ra\u201d ki\u00edrt CSP-CSBM-16 k\u00f3d\u00fa p\u00e1ly\u00e1zat keret\u00e9ben val\u00f3sul meg.<\/em><\/p>\n<p><strong>M\u00e1jus:<\/strong><\/p>\n<ul>\n<li>m\u00e1jus 12. Szakmai workshop: Csal\u00e1dtervez\u00e9s \u00e9s csal\u00e1dszervez\u00e9s karrier\u00e9p\u00edt\u00e9s mellett \u2013 hat\u00e9kony munkamegoszt\u00e1s, ig\u00e9nybe vehet\u0151 seg\u00edts\u00e9gek, szakmai \u00f6nfejleszt\u00e9s, tov\u00e1bbk\u00e9pz\u00e9sek<\/li>\n<li>m\u00e1jus 19. Szakmai workshop: A munka \u00e9s mag\u00e1n\u00e9let egyens\u00falya \u2013 hat\u00e9kony time management, elk\u00fcl\u00f6n\u00fcl\u0151 \u00e9letterek, felel\u0151ss\u00e9g megoszt\u00e1sa, alkalmazkod\u00e1s<\/li>\n<li>m\u00e1jus 26. Jogi-p\u00e9nz\u00fcgyi workshop: Atipikus munkaviszonyok \u2013 az atipikus munkaviszonyok szerepe a csal\u00e1d \u00e9s a munka egyens\u00faly\u00e1nak megteremt\u00e9s\u00e9ben<\/li>\n<\/ul>\n<p>2017 m\u00e1jus\u00e1ban z\u00e1rult a Sz\u00fcl\u0151k H\u00e1z\u00e1ban zajl\u00f3, nyolc alkalmas workshop sorozatunk, melynek sor\u00e1n munkav\u00e1llal\u00f3ink jogi-gazdas\u00e1gi, valamint szakmai, karriertervez\u00e9ssel kapcsolatos ismereteiket b\u0151v\u00edthett\u00e9k.<\/p>\n<p>A m\u00e1jusi workshopok az atipikus munkaviszonyok, a munka \u00e9s a mag\u00e1n\u00e9let k\u00f6zti egyens\u00faly, valamint a karrier\u00e9p\u00edt\u00e9ssel \u00f6sszeegyeztethet\u0151 csal\u00e1dtervez\u00e9s \u00e9s csal\u00e1dszervez\u00e9s k\u00e9rd\u00e9seit j\u00e1rt\u00e1k k\u00f6rbe.<\/p>\n<p>A Sz\u00fcl\u0151k H\u00e1z\u00e1ban kiemelten fontosnak tartjuk, hogy munkat\u00e1rsainknak lehet\u0151s\u00e9ge legyen megteremteni a munka \u00e9s a mag\u00e1n\u00e9let harm\u00f3ni\u00e1j\u00e1t, \u00edgy a \u00a0m\u00e1jus 19-i szakmai workshop sor\u00e1n ebben igyekezt\u00fcnk seg\u00edts\u00e9get ny\u00fajtani sz\u00e1mukra: a k\u00e9pz\u00e9s alatt gyakorlatias tippeket kaptak a hat\u00e9kony time-managementtel kapcsolatban.<\/p>\n<p>A m\u00e1jus 12-i workshop f\u00f3kusz\u00e1ban a karrier\u00e9p\u00edt\u00e9ssel \u00f6sszeegyeztethet\u0151 csal\u00e1dtervez\u00e9s \u00e9s csal\u00e1dszervez\u00e9s \u00e1llt. A tr\u00e9ner praktikus, a h\u00e9tk\u00f6znapokb\u00f3l vett p\u00e9ld\u00e1kon kereszt\u00fcl ny\u00fajtott egy\u00e9nre szabott seg\u00edts\u00e9get munkav\u00e1llal\u00f3inknak a t\u00e9m\u00e1ban.<\/p>\n<p>A sorozat z\u00e1r\u00f3 alkalm\u00e1n, m\u00e1jus 26-\u00e1n munkat\u00e1rsainkkal k\u00f6z\u00f6sen \u00e9rt\u00e9kelt\u00fck az atipikus munkaviszonyok jellemz\u0151it: sz\u00f3 esett t\u00f6bbek k\u00f6z\u00f6tt a munkaid\u0151 hossz\u00e1val, a munkaid\u0151 beoszt\u00e1s\u00e1val, valamint a munkav\u00e9gz\u00e9s hely\u00e9vel kapcsolatos elt\u00e9r\u00e9sekr\u0151l, amelyek megk\u00f6nny\u00edthetik a munka \u00e9s a mag\u00e1n\u00e9let egyens\u00faly\u00e1nak megteremt\u00e9s\u00e9t. A workshop sor\u00e1n munkav\u00e1llal\u00f3inknak lehet\u0151s\u00e9ge volt feltenni minden, a t\u00e9m\u00e1val kapcsolatos k\u00e9rd\u00e9s\u00fcket, valamint felm\u00e9rt\u00fck a munkaviszonyok szab\u00e1lyoz\u00e1s\u00e1val kapcsolatban felmer\u00fcl\u0151 ig\u00e9nyeket is annak \u00e9rdek\u00e9ben, hogy munkafolyamatainkat a j\u00f6v\u0151ben is rugalmasan \u00e9s hat\u00e9konyan szervezhess\u00fck.<\/p>\n<p><em>A workshop-sorozat az Emberi Er\u0151forr\u00e1sok Miniszt\u00e9riuma \u00e1ltal a \u201eCsal\u00e1dbar\u00e1t munkahelyek kialak\u00edt\u00e1s\u00e1nak \u00e9s fejleszt\u00e9s\u00e9nek t\u00e1mogat\u00e1s\u00e1ra\u201d ki\u00edrt CSP-CSBM-16 k\u00f3d\u00fa p\u00e1ly\u00e1zat keret\u00e9ben val\u00f3sult meg.<\/em><\/p>\n<p><a href=\"http:\/\/szulokhaza.hu\/erd\/wp-content\/uploads\/2017\/09\/logoszines-001.jpg\"><img loading=\"lazy\" decoding=\"async\" class=\"size-medium wp-image-5895 aligncenter\" src=\"http:\/\/szulokhaza.hu\/erd\/wp-content\/uploads\/2017\/09\/logoszines-001-300x180.jpg\" alt=\"\" width=\"300\" height=\"180\" srcset=\"https:\/\/szulokhaza.hu\/erd\/wp-content\/uploads\/2017\/09\/logoszines-001-300x180.jpg 300w, https:\/\/szulokhaza.hu\/erd\/wp-content\/uploads\/2017\/09\/logoszines-001-768x462.jpg 768w, https:\/\/szulokhaza.hu\/erd\/wp-content\/uploads\/2017\/09\/logoszines-001-20x12.jpg 20w, https:\/\/szulokhaza.hu\/erd\/wp-content\/uploads\/2017\/09\/logoszines-001.jpg 852w\" sizes=\"(max-width: 300px) 100vw, 300px\" \/><\/a><\/p>\n","protected":false},"excerpt":{"rendered":"<p>2017. janu\u00e1r \u00e9s m\u00e1jus k\u00f6z\u00f6tt nyolc alkalmas, csal\u00e1dbar\u00e1t szeml\u00e9let\u0171 workshop-sorozatot tartottunk a Sz\u00fcl\u0151k H\u00e1za munkav\u00e1llal\u00f3i r\u00e9sz\u00e9re. Munkat\u00e1rsaink\u00a0jogi-p\u00e9nz\u00fcgyi, valamint szakmai, a munka \u00e9s a mag\u00e1n\u00e9let egyens\u00faly\u00e1hoz k\u00f6t\u0151d\u0151 csal\u00e1dbar\u00e1t szeml\u00e9let\u0171 k\u00e9pz\u00e9seken vehettek r\u00e9szt, melyek tematik\u00e1i az al\u00e1bbiakban olvashat\u00f3k. Janu\u00e1r: janu\u00e1r 13. Szakmai workshop: A munka \u00e9s a mag\u00e1n\u00e9let \u00f6sszehangol\u00e1sa \u2013 siker\u00e9lm\u00e9ny a munk\u00e1ban \u00e9s a mag\u00e1n\u00e9letben, megk\u00fczd\u00e9si [&hellip;]<\/p>\n","protected":false},"author":1086,"featured_media":0,"parent":0,"menu_order":0,"comment_status":"closed","ping_status":"closed","template":"","meta":{"_seopress_robots_primary_cat":"","_seopress_titles_title":"","_seopress_titles_desc":"","_seopress_robots_index":"","_et_pb_use_builder":"","_et_pb_old_content":"","_et_gb_content_width":"","footnotes":""},"class_list":["post-5894","page","type-page","status-publish","hentry"],"_links":{"self":[{"href":"https:\/\/szulokhaza.hu\/erd\/wp-json\/wp\/v2\/pages\/5894","targetHints":{"allow":["GET"]}}],"collection":[{"href":"https:\/\/szulokhaza.hu\/erd\/wp-json\/wp\/v2\/pages"}],"about":[{"href":"https:\/\/szulokhaza.hu\/erd\/wp-json\/wp\/v2\/types\/page"}],"author":[{"embeddable":true,"href":"https:\/\/szulokhaza.hu\/erd\/wp-json\/wp\/v2\/users\/1086"}],"replies":[{"embeddable":true,"href":"https:\/\/szulokhaza.hu\/erd\/wp-json\/wp\/v2\/comments?post=5894"}],"version-history":[{"count":0,"href":"https:\/\/szulokhaza.hu\/erd\/wp-json\/wp\/v2\/pages\/5894\/revisions"}],"wp:attachment":[{"href":"https:\/\/szulokhaza.hu\/erd\/wp-json\/wp\/v2\/media?parent=5894"}],"curies":[{"name":"wp","href":"https:\/\/api.w.org\/{rel}","templated":true}]}}