{"id":399,"date":"2012-09-17T15:51:43","date_gmt":"2012-09-17T13:51:43","guid":{"rendered":""},"modified":"2024-02-25T17:36:22","modified_gmt":"2024-02-25T16:36:22","slug":"kapcsolat","status":"publish","type":"page","link":"https:\/\/szulokhaza.hu\/gyor\/kapcsolat\/","title":{"rendered":"Kapcsolat"},"content":{"rendered":"<p>[et_pb_section fb_built=&#8221;1&#8243; admin_label=&#8221;section&#8221; _builder_version=&#8221;4.16&#8243; global_colors_info=&#8221;{}&#8221;][et_pb_row admin_label=&#8221;row&#8221; _builder_version=&#8221;4.16&#8243; background_size=&#8221;initial&#8221; background_position=&#8221;top_left&#8221; background_repeat=&#8221;repeat&#8221; global_colors_info=&#8221;{}&#8221;][et_pb_column type=&#8221;4_4&#8243; _builder_version=&#8221;4.16&#8243; custom_padding=&#8221;|||&#8221; global_colors_info=&#8221;{}&#8221; custom_padding__hover=&#8221;|||&#8221;][et_pb_text admin_label=&#8221;Text&#8221; _builder_version=&#8221;4.22.2&#8243; background_size=&#8221;initial&#8221; background_position=&#8221;top_left&#8221; background_repeat=&#8221;repeat&#8221; global_colors_info=&#8221;{}&#8221;]<\/p>\n<div class=\"body\">\n<p>&nbsp;<\/p>\n<h2>Sz\u00fcl\u0151k H\u00e1za &#8222;Gy\u0151r Sz\u00edve&#8221;<\/h2>\n<p><strong>c\u00edm: <\/strong>9022 Gy\u0151r G\u00e1rdonyi G\u00e9za u. 3. \u00a0(a Gyakorl\u00f3 Iskol\u00e1val szemben)<\/p>\n<p><span style=\"line-height: 1.5em;\"><strong>Telefonsz\u00e1m:<\/strong> <a href=\"tel:06204836140\">06 (20) 483-6140<\/a><br \/><\/span><strong>nyitva tart\u00e1s:<\/strong> \u00a0h\u00e9tk\u00f6znap 8.00-16.00 \u00f3r\u00e1ig<br \/><strong>e-mail: <\/strong><a href=\"mailto:szulokhazagyor@szulokhaza.hu\">szulokhazagyor@szulokhaza.hu<\/a><\/p>\n<p>\u00cdrj nek\u00fcnk!<\/p>\n<p>&nbsp;<\/p>\n<\/div>\n<p>[\/et_pb_text][\/et_pb_column][\/et_pb_row][\/et_pb_section]<\/p>\n","protected":false},"excerpt":{"rendered":"<p>&nbsp; Sz\u00fcl\u0151k H\u00e1za &#8222;Gy\u0151r Sz\u00edve&#8221; c\u00edm: 9022 Gy\u0151r G\u00e1rdonyi G\u00e9za u. 3. \u00a0(a Gyakorl\u00f3 Iskol\u00e1val szemben) Telefonsz\u00e1m: 06 (20) 483-6140nyitva tart\u00e1s: \u00a0h\u00e9tk\u00f6znap 8.00-16.00 \u00f3r\u00e1ige-mail: szulokhazagyor@szulokhaza.hu \u00cdrj nek\u00fcnk! &nbsp;<\/p>\n","protected":false},"author":2561,"featured_media":0,"parent":0,"menu_order":0,"comment_status":"closed","ping_status":"closed","template":"","meta":{"_seopress_robots_primary_cat":"","_seopress_titles_title":"","_seopress_titles_desc":"","_seopress_robots_index":"","_et_pb_use_builder":"on","_et_pb_old_content":"<div class=\"body\">\r\n\r\n\u00a0\r\n<h2>Sz\u00fcl\u0151k H\u00e1za \"Gy\u0151r Sz\u00edve\"<\/h2>\r\n<strong>c\u00edm: <\/strong>9022 Gy\u0151r G\u00e1rdonyi G\u00e9za u. 3. \u00a0(a Gyakorl\u00f3 Iskol\u00e1val szemben)\r\n\r\n<strong style=\"line-height: 1.5em;\">J\u00e1tsz\u00f3h\u00e1z telefonsz\u00e1ma:<\/strong><span style=\"line-height: 1.5em;\"> 06 (20) 231-6261\r\n<strong>Vezet\u0151:<\/strong> 06 (20) 483-6140\r\n<\/span><strong>nyitva tart\u00e1s:<\/strong> \u00a0h\u00e9tk\u00f6znap 8.00-16.00 \u00f3r\u00e1ig\r\n<strong>e-mail: <\/strong>szulokhazagyor@szulokhaza.hu\r\n\r\n\u00cdrj nek\u00fcnk!\r\n\r\n[google_maps id=\"2303\"]\r\n\r\n<\/div>","_et_gb_content_width":"","footnotes":""},"class_list":["post-399","page","type-page","status-publish","hentry"],"_links":{"self":[{"href":"https:\/\/szulokhaza.hu\/gyor\/wp-json\/wp\/v2\/pages\/399","targetHints":{"allow":["GET"]}}],"collection":[{"href":"https:\/\/szulokhaza.hu\/gyor\/wp-json\/wp\/v2\/pages"}],"about":[{"href":"https:\/\/szulokhaza.hu\/gyor\/wp-json\/wp\/v2\/types\/page"}],"author":[{"embeddable":true,"href":"https:\/\/szulokhaza.hu\/gyor\/wp-json\/wp\/v2\/users\/2561"}],"replies":[{"embeddable":true,"href":"https:\/\/szulokhaza.hu\/gyor\/wp-json\/wp\/v2\/comments?post=399"}],"version-history":[{"count":4,"href":"https:\/\/szulokhaza.hu\/gyor\/wp-json\/wp\/v2\/pages\/399\/revisions"}],"predecessor-version":[{"id":228239,"href":"https:\/\/szulokhaza.hu\/gyor\/wp-json\/wp\/v2\/pages\/399\/revisions\/228239"}],"wp:attachment":[{"href":"https:\/\/szulokhaza.hu\/gyor\/wp-json\/wp\/v2\/media?parent=399"}],"curies":[{"name":"wp","href":"https:\/\/api.w.org\/{rel}","templated":true}]}}