{"id":405,"date":"2012-09-17T16:18:21","date_gmt":"2012-09-17T14:18:21","guid":{"rendered":""},"modified":"2022-09-06T18:03:10","modified_gmt":"2022-09-06T16:03:10","slug":"munkatarsak","status":"publish","type":"page","link":"https:\/\/szulokhaza.hu\/gyor\/rolunk\/munkatarsak\/","title":{"rendered":"Munkat\u00e1rsak"},"content":{"rendered":"<p>[et_pb_section fb_built=&#8221;1&#8243; _builder_version=&#8221;4.16&#8243; global_colors_info=&#8221;{}&#8221;][et_pb_row column_structure=&#8221;1_2,1_2&#8243; _builder_version=&#8221;4.16&#8243; _module_preset=&#8221;default&#8221; global_colors_info=&#8221;{}&#8221;][et_pb_column type=&#8221;1_2&#8243; _builder_version=&#8221;4.16&#8243; _module_preset=&#8221;default&#8221; global_colors_info=&#8221;{}&#8221;][et_pb_blurb image=&#8221;https:\/\/szulokhaza.hu\/gyor\/wp-content\/uploads\/2021\/06\/Judit.jpg&#8221; _builder_version=&#8221;4.17.4&#8243; _module_preset=&#8221;default&#8221; text_orientation=&#8221;center&#8221; module_alignment=&#8221;center&#8221; global_colors_info=&#8221;{}&#8221;]<\/p>\n<h3><strong><span style=\"color: #ff9900;\">Reg\u0151s Judit<\/span><\/strong><\/h3>\n<h5><span style=\"color: #ff9900;\">Sz\u00fcl\u0151k H\u00e1za vezet\u0151<\/span><span style=\"color: #ff9900;\"><\/span><span style=\"color: #ff9900;\"><\/span><\/h5>\n<p>[\/et_pb_blurb][\/et_pb_column][et_pb_column type=&#8221;1_2&#8243; _builder_version=&#8221;4.16&#8243; _module_preset=&#8221;default&#8221; global_colors_info=&#8221;{}&#8221;][et_pb_blurb image=&#8221;https:\/\/szulokhaza.hu\/gyor\/wp-content\/uploads\/2021\/06\/Lilla-1.jpg&#8221; _builder_version=&#8221;4.17.4&#8243; _module_preset=&#8221;default&#8221; text_orientation=&#8221;center&#8221; module_alignment=&#8221;center&#8221; global_colors_info=&#8221;{}&#8221;]<\/p>\n<h3><strong><span style=\"color: #ff9900;\">Juh\u00e1sz Lilla<\/span><\/strong><\/h3>\n<h5><span style=\"color: #ff9900;\">Kommuni\u00f3 Alap\u00edtv\u00e1ny eln\u00f6ke<\/span><\/h5>\n<p>[\/et_pb_blurb][\/et_pb_column][\/et_pb_row][et_pb_row column_structure=&#8221;1_2,1_2&#8243; _builder_version=&#8221;4.17.4&#8243; _module_preset=&#8221;default&#8221; global_colors_info=&#8221;{}&#8221;][et_pb_column type=&#8221;1_2&#8243; _builder_version=&#8221;4.17.4&#8243; _module_preset=&#8221;default&#8221; global_colors_info=&#8221;{}&#8221;][et_pb_blurb image=&#8221;https:\/\/szulokhaza.hu\/gyor\/wp-content\/uploads\/2022\/06\/ErdosiDitte_300x300.jpg&#8221; _builder_version=&#8221;4.17.4&#8243; _module_preset=&#8221;default&#8221; text_orientation=&#8221;center&#8221; module_alignment=&#8221;center&#8221; global_colors_info=&#8221;{}&#8221;]<\/p>\n<h3><span style=\"color: #ff9900;\">Erd\u0151si Ditte<\/span><\/h3>\n<h5><span style=\"color: #ff9900;\">Sz\u00fcl\u0151k H\u00e1za B\u00f6lcs\u0151de H\u00e1l\u00f3zat vezet\u0151<\/span><\/h5>\n<p>&nbsp;<\/p>\n<p>[\/et_pb_blurb][\/et_pb_column][et_pb_column type=&#8221;1_2&#8243; _builder_version=&#8221;4.17.4&#8243; _module_preset=&#8221;default&#8221; global_colors_info=&#8221;{}&#8221;][et_pb_blurb title=&#8221;Arn\u00f3czky Zs\u00f3fia&#8221; image=&#8221;https:\/\/szulokhaza.hu\/gyor\/wp-content\/uploads\/2021\/06\/SzHZsofi_k.jpg&#8221; _builder_version=&#8221;4.18.0&#8243; _module_preset=&#8221;default&#8221; text_orientation=&#8221;center&#8221; module_alignment=&#8221;center&#8221; hover_enabled=&#8221;0&#8243; global_colors_info=&#8221;{}&#8221; sticky_enabled=&#8221;0&#8243;]<\/p>\n<h3>\u00a0<\/h3>\n<h5><span style=\"color: #ff9900;\">Gy\u0151r Sz\u00edve Csal\u00e1di K\u00f6zpont \u00e9s B\u00f6lcs\u0151de H\u00e1l\u00f3zat <\/span><\/h5>\n<h5><span style=\"color: #ff9900;\">Vezet\u0151<\/span><\/h5>\n<p>&nbsp;<\/p>\n<p>[\/et_pb_blurb][\/et_pb_column][\/et_pb_row][et_pb_row column_structure=&#8221;1_3,1_3,1_3&#8243; _builder_version=&#8221;4.16&#8243; _module_preset=&#8221;default&#8221; global_colors_info=&#8221;{}&#8221;][et_pb_column type=&#8221;1_3&#8243; _builder_version=&#8221;4.16&#8243; _module_preset=&#8221;default&#8221; global_colors_info=&#8221;{}&#8221;][\/et_pb_column][et_pb_column type=&#8221;1_3&#8243; _builder_version=&#8221;4.16&#8243; _module_preset=&#8221;default&#8221; global_colors_info=&#8221;{}&#8221;][et_pb_blurb title=&#8221;M\u00e9sz\u00e1ros K\u00edra&#8221; image=&#8221;https:\/\/szulokhaza.hu\/gyor\/wp-content\/uploads\/2021\/06\/SzHKira_k.jpg&#8221; _builder_version=&#8221;4.16&#8243; _module_preset=&#8221;default&#8221; text_orientation=&#8221;center&#8221; module_alignment=&#8221;center&#8221; global_colors_info=&#8221;{}&#8221;]<\/p>\n<p>Pedag\u00f3gus, j\u00e1tsz\u00f3h\u00e1zi munkat\u00e1rs, Csupasz\u00edn Csal\u00e1di B\u00f6lcs\u0151de<\/p>\n<p>[\/et_pb_blurb][\/et_pb_column][et_pb_column type=&#8221;1_3&#8243; _builder_version=&#8221;4.16&#8243; _module_preset=&#8221;default&#8221; global_colors_info=&#8221;{}&#8221;][\/et_pb_column][\/et_pb_row][\/et_pb_section]<\/p>\n","protected":false},"excerpt":{"rendered":"<p>Reg\u0151s Judit Sz\u00fcl\u0151k H\u00e1za vezet\u0151Juh\u00e1sz Lilla Kommuni\u00f3 Alap\u00edtv\u00e1ny eln\u00f6keErd\u0151si Ditte Sz\u00fcl\u0151k H\u00e1za B\u00f6lcs\u0151de H\u00e1l\u00f3zat vezet\u0151 &nbsp;\u00a0 Gy\u0151r Sz\u00edve Csal\u00e1di K\u00f6zpont \u00e9s B\u00f6lcs\u0151de H\u00e1l\u00f3zat Vezet\u0151 &nbsp;Pedag\u00f3gus, j\u00e1tsz\u00f3h\u00e1zi munkat\u00e1rs, Csupasz\u00edn Csal\u00e1di B\u00f6lcs\u0151de<\/p>\n","protected":false},"author":2561,"featured_media":0,"parent":396,"menu_order":0,"comment_status":"closed","ping_status":"closed","template":"","meta":{"_seopress_robots_primary_cat":"","_seopress_titles_title":"","_seopress_titles_desc":"","_seopress_robots_index":"","_et_pb_use_builder":"on","_et_pb_old_content":"<div class=\"body\"><p>\u00a0<\/p><table style=\"width: 494px; height: 1466px;\" border=\"0\" cellspacing=\"1\" cellpadding=\"1\"><tbody><tr><td style=\"width: 109px;\" colspan=\"3\" rowspan=\"1\"><img class=\"alignleft\" src=\"http:\/\/szulokhaza.hu\/gyor\/wp-content\/uploads\/judit.jpg\" alt=\"judit.jpg\" width=\"65\" height=\"98\" \/><strong>Reg\u0151s Judit<\/strong>, szoci\u00e1lpolitikus,<br \/>csal\u00e1di tan\u00e1csad\u00f3\u00a0-<br \/>a Sz\u00fcl\u0151k H\u00e1za Program vezet\u0151je,<br \/>szakmai vezet\u0151<\/td><td style=\"width: 376px;\">\u00a0<\/td><\/tr><tr><td style=\"width: 109px;\"><a href=\"http:\/\/szulokhaza.hu\/gyor\/wp-content\/uploads\/2012\/09\/Lilla2-k.jpg\"><img class=\"alignleft size-full wp-image-2222\" src=\"http:\/\/szulokhaza.hu\/gyor\/wp-content\/uploads\/2012\/09\/Lilla2-k.jpg\" alt=\"Lilla\" width=\"183\" height=\"300\" \/><\/a><\/td><td style=\"width: 130px;\"><strong>Juh\u00e1sz Lilla<\/strong><br \/>a Kommuni\u00f3 Alap\u00edtv\u00e1ny eln\u00f6ke<\/td><td style=\"width: 376px;\">\u00a0<\/td><td style=\"width: 376px;\">\u00a0<\/td><\/tr><tr><td style=\"width: 109px;\">\u00a0<a href=\"http:\/\/szulokhaza.hu\/gyor\/wp-content\/uploads\/2012\/09\/Betti-k.jpg\"><img class=\"alignnone size-full wp-image-2220\" src=\"http:\/\/szulokhaza.hu\/gyor\/wp-content\/uploads\/2012\/09\/Betti-k.jpg\" alt=\"SONY DSC\" width=\"200\" height=\"300\" \/><\/a><\/td><td style=\"width: 130px;\"><strong>K\u0151r\u00f6si Bernadett - <\/strong><br \/>a j\u00e1tsz\u00f3h\u00e1z vezet\u0151je<\/td><td style=\"width: 376px;\">\u00a0<\/td><td style=\"width: 376px;\">\u00a0<\/td><\/tr><tr><td style=\"width: 109px;\"><a href=\"http:\/\/szulokhaza.hu\/gyor\/wp-content\/uploads\/2012\/09\/Bogi-k.jpg\"><img class=\"alignleft size-full wp-image-2221\" src=\"http:\/\/szulokhaza.hu\/gyor\/wp-content\/uploads\/2012\/09\/Bogi-k.jpg\" alt=\"SONY DSC\" width=\"200\" height=\"300\" \/><\/a><\/td><td style=\"width: 130px;\"><strong>Bor\u00f3k Bogl\u00e1rka - <\/strong><br \/>pedag\u00f3gus, j\u00e1tsz\u00f3h\u00e1zi munkat\u00e1rs<\/td><td style=\"width: 376px;\">\u00a0<\/td><td style=\"width: 376px;\">\u00a0<span style=\"line-height: 1.5em;\">\u00a0<\/span><\/td><\/tr><tr><td style=\"width: 109px;\"><a href=\"http:\/\/szulokhaza.hu\/gyor\/wp-content\/uploads\/2012\/09\/DSC_0105_pp.jpg\" rel=\"attachment wp-att-5506\"><img class=\"alignleft size-medium wp-image-5506\" src=\"http:\/\/szulokhaza.hu\/gyor\/wp-content\/uploads\/2012\/09\/DSC_0105_pp-214x300.jpg\" alt=\"\" width=\"214\" height=\"300\" \/><\/a><\/td><td style=\"width: 130px;\"><b>Arn\u00f3czky Zs\u00f3fia<\/b>- pedag\u00f3gus, j\u00e1tsz\u00f3h\u00e1zi munkat\u00e1rs<\/td><td style=\"width: 376px;\">\u00a0<\/td><td style=\"width: 376px;\"><strong>\u00a0<\/strong><\/td><\/tr><tr><td style=\"width: 109px;\">\u00a0<\/td><td style=\"width: 130px;\">\u00a0<\/td><td style=\"width: 376px;\">\u00a0<\/td><td style=\"width: 376px;\">\u00a0<\/td><\/tr><\/tbody><\/table><\/div>","_et_gb_content_width":"","footnotes":""},"class_list":["post-405","page","type-page","status-publish","hentry"],"_links":{"self":[{"href":"https:\/\/szulokhaza.hu\/gyor\/wp-json\/wp\/v2\/pages\/405","targetHints":{"allow":["GET"]}}],"collection":[{"href":"https:\/\/szulokhaza.hu\/gyor\/wp-json\/wp\/v2\/pages"}],"about":[{"href":"https:\/\/szulokhaza.hu\/gyor\/wp-json\/wp\/v2\/types\/page"}],"author":[{"embeddable":true,"href":"https:\/\/szulokhaza.hu\/gyor\/wp-json\/wp\/v2\/users\/2561"}],"replies":[{"embeddable":true,"href":"https:\/\/szulokhaza.hu\/gyor\/wp-json\/wp\/v2\/comments?post=405"}],"version-history":[{"count":15,"href":"https:\/\/szulokhaza.hu\/gyor\/wp-json\/wp\/v2\/pages\/405\/revisions"}],"predecessor-version":[{"id":8406,"href":"https:\/\/szulokhaza.hu\/gyor\/wp-json\/wp\/v2\/pages\/405\/revisions\/8406"}],"up":[{"embeddable":true,"href":"https:\/\/szulokhaza.hu\/gyor\/wp-json\/wp\/v2\/pages\/396"}],"wp:attachment":[{"href":"https:\/\/szulokhaza.hu\/gyor\/wp-json\/wp\/v2\/media?parent=405"}],"curies":[{"name":"wp","href":"https:\/\/api.w.org\/{rel}","templated":true}]}}

Munkatársak

<p>[et_pb_section fb_built=&#8221;1&#8243; _builder_version=&#8221;4.16&#8243; global_colors_info=&#8221;{}&#8221;][et_pb_row column_structure=&#8221;1_2,1_2&#8243; _builder_version=&#8221;4.16&#8243; _module_preset=&#8221;default&#8221; global_colors_info=&#8221;{}&#8221;][et_pb_column type=&#8221;1_2&#8243; _builder_version=&#8221;4.16&#8243; _module_preset=&#8221;default&#8221; global_colors_info=&#8221;{}&#8221;][et_pb_blurb image=&#8221;https://szulokhaza.hu/gyor/wp-content/uploads/2021/06/Judit.jpg&#8221; _builder_version=&#8221;4.17.4&#8243; _module_preset=&#8221;default&#8221; text_orientation=&#8221;center&#8221; module_alignment=&#8221;center&#8221; global_colors_info=&#8221;{}&#8221;]</p>
<h3><strong><span style="color: #ff9900;">Regős Judit</span></strong></h3>
<h5><span style="color: #ff9900;">Szülők Háza vezető</span><span style="color: #ff9900;"></span><span style="color: #ff9900;"></span></h5>
<p>[/et_pb_blurb][/et_pb_column][et_pb_column type=&#8221;1_2&#8243; _builder_version=&#8221;4.16&#8243; _module_preset=&#8221;default&#8221; global_colors_info=&#8221;{}&#8221;][et_pb_blurb image=&#8221;https://szulokhaza.hu/gyor/wp-content/uploads/2021/06/Lilla-1.jpg&#8221; _builder_version=&#8221;4.17.4&#8243; _module_preset=&#8221;default&#8221; text_orientation=&#8221;center&#8221; module_alignment=&#8221;center&#8221; global_colors_info=&#8221;{}&#8221;]</p>
<h3><strong><span style="color: #ff9900;">Juhász Lilla</span></strong></h3>
<h5><span style="color: #ff9900;">Kommunió Alapítvány elnöke</span></h5>
<p>[/et_pb_blurb][/et_pb_column][/et_pb_row][et_pb_row column_structure=&#8221;1_2,1_2&#8243; _builder_version=&#8221;4.17.4&#8243; _module_preset=&#8221;default&#8221; global_colors_info=&#8221;{}&#8221;][et_pb_column type=&#8221;1_2&#8243; _builder_version=&#8221;4.17.4&#8243; _module_preset=&#8221;default&#8221; global_colors_info=&#8221;{}&#8221;][et_pb_blurb image=&#8221;https://szulokhaza.hu/gyor/wp-content/uploads/2022/06/ErdosiDitte_300x300.jpg&#8221; _builder_version=&#8221;4.17.4&#8243; _module_preset=&#8221;default&#8221; text_orientation=&#8221;center&#8221; module_alignment=&#8221;center&#8221; global_colors_info=&#8221;{}&#8221;]</p>
<h3><span style="color: #ff9900;">Erdősi Ditte</span></h3>
<h5><span style="color: #ff9900;">Szülők Háza Bölcsőde Hálózat vezető</span></h5>
<p>&nbsp;</p>
<p>[/et_pb_blurb][/et_pb_column][et_pb_column type=&#8221;1_2&#8243; _builder_version=&#8221;4.17.4&#8243; _module_preset=&#8221;default&#8221; global_colors_info=&#8221;{}&#8221;][et_pb_blurb title=&#8221;Arnóczky Zsófia&#8221; image=&#8221;https://szulokhaza.hu/gyor/wp-content/uploads/2021/06/SzHZsofi_k.jpg&#8221; _builder_version=&#8221;4.18.0&#8243; _module_preset=&#8221;default&#8221; text_orientation=&#8221;center&#8221; module_alignment=&#8221;center&#8221; hover_enabled=&#8221;0&#8243; global_colors_info=&#8221;{}&#8221; sticky_enabled=&#8221;0&#8243;]</p>
<h3> </h3>
<h5><span style="color: #ff9900;">Győr Szíve Családi Központ és Bölcsőde Hálózat </span></h5>
<h5><span style="color: #ff9900;">Vezető</span></h5>
<p>&nbsp;</p>
<p>[/et_pb_blurb][/et_pb_column][/et_pb_row][et_pb_row column_structure=&#8221;1_3,1_3,1_3&#8243; _builder_version=&#8221;4.16&#8243; _module_preset=&#8221;default&#8221; global_colors_info=&#8221;{}&#8221;][et_pb_column type=&#8221;1_3&#8243; _builder_version=&#8221;4.16&#8243; _module_preset=&#8221;default&#8221; global_colors_info=&#8221;{}&#8221;][/et_pb_column][et_pb_column type=&#8221;1_3&#8243; _builder_version=&#8221;4.16&#8243; _module_preset=&#8221;default&#8221; global_colors_info=&#8221;{}&#8221;][et_pb_blurb title=&#8221;Mészáros Kíra&#8221; image=&#8221;https://szulokhaza.hu/gyor/wp-content/uploads/2021/06/SzHKira_k.jpg&#8221; _builder_version=&#8221;4.16&#8243; _module_preset=&#8221;default&#8221; text_orientation=&#8221;center&#8221; module_alignment=&#8221;center&#8221; global_colors_info=&#8221;{}&#8221;]</p>
<p>Pedagógus, játszóházi munkatárs, Csupaszín Családi Bölcsőde</p>
<p>[/et_pb_blurb][/et_pb_column][et_pb_column type=&#8221;1_3&#8243; _builder_version=&#8221;4.16&#8243; _module_preset=&#8221;default&#8221; global_colors_info=&#8221;{}&#8221;][/et_pb_column][/et_pb_row][/et_pb_section]</p>

<p>Regős Judit Szülők Háza vezetőJuhász Lilla Kommunió Alapítvány elnökeErdősi Ditte Szülők Háza Bölcsőde Hálózat vezető &nbsp;  Győr Szíve Családi Központ és Bölcsőde Hálózat Vezető &nbsp;Pedagógus, játszóházi munkatárs, Csupaszín Családi Bölcsőde</p>

<div class="body"><p> </p><table style="width: 494px; height: 1466px;" border="0" cellspacing="1" cellpadding="1"><tbody><tr><td style="width: 109px;" colspan="3" rowspan="1"><img class="alignleft" src="http://szulokhaza.hu/gyor/wp-content/uploads/judit.jpg" alt="judit.jpg" width="65" height="98" /><strong>Regős Judit</strong>, szociálpolitikus,<br />családi tanácsadó -<br />a Szülők Háza Program vezetője,<br />szakmai vezető</td><td style="width: 376px;"> </td></tr><tr><td style="width: 109px;"><a href="http://szulokhaza.hu/gyor/wp-content/uploads/2012/09/Lilla2-k.jpg"><img class="alignleft size-full wp-image-2222" src="http://szulokhaza.hu/gyor/wp-content/uploads/2012/09/Lilla2-k.jpg" alt="Lilla" width="183" height="300" /></a></td><td style="width: 130px;"><strong>Juhász Lilla</strong><br />a Kommunió Alapítvány elnöke</td><td style="width: 376px;"> </td><td style="width: 376px;"> </td></tr><tr><td style="width: 109px;"> <a href="http://szulokhaza.hu/gyor/wp-content/uploads/2012/09/Betti-k.jpg"><img class="alignnone size-full wp-image-2220" src="http://szulokhaza.hu/gyor/wp-content/uploads/2012/09/Betti-k.jpg" alt="SONY DSC" width="200" height="300" /></a></td><td style="width: 130px;"><strong>Kőrösi Bernadett - </strong><br />a játszóház vezetője</td><td style="width: 376px;"> </td><td style="width: 376px;"> </td></tr><tr><td style="width: 109px;"><a href="http://szulokhaza.hu/gyor/wp-content/uploads/2012/09/Bogi-k.jpg"><img class="alignleft size-full wp-image-2221" src="http://szulokhaza.hu/gyor/wp-content/uploads/2012/09/Bogi-k.jpg" alt="SONY DSC" width="200" height="300" /></a></td><td style="width: 130px;"><strong>Borók Boglárka - </strong><br />pedagógus, játszóházi munkatárs</td><td style="width: 376px;"> </td><td style="width: 376px;"> <span style="line-height: 1.5em;"> </span></td></tr><tr><td style="width: 109px;"><a href="http://szulokhaza.hu/gyor/wp-content/uploads/2012/09/DSC_0105_pp.jpg" rel="attachment wp-att-5506"><img class="alignleft size-medium wp-image-5506" src="http://szulokhaza.hu/gyor/wp-content/uploads/2012/09/DSC_0105_pp-214x300.jpg" alt="" width="214" height="300" /></a></td><td style="width: 130px;"><b>Arnóczky Zsófia</b>- pedagógus, játszóházi munkatárs</td><td style="width: 376px;"> </td><td style="width: 376px;"><strong> </strong></td></tr><tr><td style="width: 109px;"> </td><td style="width: 130px;"> </td><td style="width: 376px;"> </td><td style="width: 376px;"> </td></tr></tbody></table></div>
