{"id":408,"date":"2012-09-17T16:20:55","date_gmt":"2012-09-17T14:20:55","guid":{"rendered":""},"modified":"2017-03-13T11:21:46","modified_gmt":"2017-03-13T10:21:46","slug":"szorp-szinhaz","status":"publish","type":"page","link":"https:\/\/szulokhaza.hu\/gyor\/szorp-szinhaz\/","title":{"rendered":"Sz\u00f6rp Sz\u00ednh\u00e1z"},"content":{"rendered":"<div class=\"body\">\n<p><a href=\"http:\/\/szulokhaza.hu\/gyor\/wp-content\/uploads\/2012\/09\/bori-300x200.jpg\" rel=\"attachment wp-att-5276\"><img loading=\"lazy\" decoding=\"async\" class=\"alignleft size-medium wp-image-5276\" src=\"http:\/\/szulokhaza.hu\/gyor\/wp-content\/uploads\/2012\/09\/bori-300x200-300x200.jpg\" alt=\"\" width=\"300\" height=\"200\" \/><\/a><\/p>\n<div class=\"body\">\n<p><em>A Sz\u00f6rp el\u0151ad\u00e1ssorozatra a 2 &#8211; 7 \u00e9ves koroszt\u00e1lyt \u00e9s sz\u00fcleiket v\u00e1rjuk.<\/em><\/p>\n<p>El\u0151ad\u00e1sainkban k\u00fcl\u00f6nb\u00f6z\u0151 b\u00e1btechnik\u00e1kat \u00f6tv\u00f6z\u00fcnk a sz\u00edn\u00e9szi j\u00e1t\u00e9kkal \u00e9s \u00e9l\u0151zen\u00e9vel. K\u00f6zponti t\u00e9m\u00e1ink a szoci\u00e1lis, sz\u00f6vegalkot\u00e1si, kognit\u00edv \u00e9s eszt\u00e9tikai kompetenci\u00e1k fejleszt\u00e9se.<br \/>\nEl\u0151ad\u00e1saink interakt\u00edv r\u00e9szei fejlesztik a kommunik\u00e1ci\u00f3s k\u00e9pess\u00e9get, a koncentr\u00e1ci\u00f3t, az egy\u00fcttm\u0171k\u00f6d\u00e9sre val\u00f3 hajlamot \u00e9s az iskol\u00e1ban elengedhetetlen\u00fcl sz\u00fcks\u00e9ges finom motorikai k\u00e9pess\u00e9get. Tov\u00e1bb\u00e1 fejlesztik a kreativit\u00e1st \u00e9s az alkot\u00f3 k\u00e9pess\u00e9get, ami cs\u00f6kkenti a fesz\u00fclts\u00e9get. Az el\u0151ad\u00e1sok ut\u00e1n a mes\u00e9hez kapcsol\u00f3d\u00f3 k\u00e9zm\u0171ves foglalkoz\u00e1sokon k\u00f6z\u00f6sen k\u00e9sz\u00edt\u00fcnk valami sz\u00e9pet. A SZ\u00d6RP remek sz\u00f3rakoz\u00e1s az eg\u00e9sz csal\u00e1dnak!<a href=\"http:\/\/szulokhaza.hu\/ujbuda\/wp-content\/uploads\/2012\/09\/baboscsaj.jpg\" rel=\"attachment wp-att-5414\"><img loading=\"lazy\" decoding=\"async\" class=\"wp-image-5414 alignright\" src=\"http:\/\/szulokhaza.hu\/ujbuda\/wp-content\/uploads\/2012\/09\/baboscsaj-300x179.jpg\" sizes=\"(max-width: 369px) 100vw, 369px\" srcset=\"http:\/\/szulokhaza.hu\/ujbuda\/wp-content\/uploads\/2012\/09\/baboscsaj-300x179.jpg 300w, http:\/\/szulokhaza.hu\/ujbuda\/wp-content\/uploads\/2012\/09\/baboscsaj-600x357.jpg 600w, http:\/\/szulokhaza.hu\/ujbuda\/wp-content\/uploads\/2012\/09\/baboscsaj.jpg 640w\" alt=\"SZ\u00d6RP interakt\u00edv b\u00e1bsz\u00ednh\u00e1z\" width=\"369\" height=\"220\" \/><\/a><\/p>\n<p>\u201cMinden gyermek m\u0171v\u00e9sz. A gond csak az, hogyan maradjon m\u0171v\u00e9sz feln\u0151tt kor\u00e1ban is. \u2013 Pablo Picasso<\/p>\n<\/div>\n<div class=\"body\">\n<p>A SZ\u00d6RP Sz\u00ednh\u00e1z egy csal\u00e1di program, \u00edgy a<strong> k\u00eds\u00e9r\u0151knek a bel\u00e9p\u00e9s ingyenes<\/strong>, szeretettel v\u00e1rjuk a sz\u00fcl\u0151ket, nagysz\u00fcl\u0151ket is.<br \/>\nGyerekeknek a jegy <strong>\u00e1ra: 1500.- forint<\/strong><\/p>\n<p><strong>A jegyek korl\u00e1tozott sz\u00e1mban, el\u0151v\u00e9telben kaphat\u00f3k a Sz\u00fcl\u0151k H\u00e1z\u00e1ban.<\/strong><\/p>\n<\/div>\n<p>&nbsp;<\/p>\n<p>&nbsp;<\/p>\n<p>&nbsp;<\/p>\n<\/div>\n","protected":false},"excerpt":{"rendered":"<p>A Sz\u00f6rp el\u0151ad\u00e1ssorozatra a 2 &#8211; 7 \u00e9ves koroszt\u00e1lyt \u00e9s sz\u00fcleiket v\u00e1rjuk. El\u0151ad\u00e1sainkban k\u00fcl\u00f6nb\u00f6z\u0151 b\u00e1btechnik\u00e1kat \u00f6tv\u00f6z\u00fcnk a sz\u00edn\u00e9szi j\u00e1t\u00e9kkal \u00e9s \u00e9l\u0151zen\u00e9vel. K\u00f6zponti t\u00e9m\u00e1ink a szoci\u00e1lis, sz\u00f6vegalkot\u00e1si, kognit\u00edv \u00e9s eszt\u00e9tikai kompetenci\u00e1k fejleszt\u00e9se. El\u0151ad\u00e1saink interakt\u00edv r\u00e9szei fejlesztik a kommunik\u00e1ci\u00f3s k\u00e9pess\u00e9get, a koncentr\u00e1ci\u00f3t, az egy\u00fcttm\u0171k\u00f6d\u00e9sre val\u00f3 hajlamot \u00e9s az iskol\u00e1ban elengedhetetlen\u00fcl sz\u00fcks\u00e9ges finom motorikai k\u00e9pess\u00e9get. Tov\u00e1bb\u00e1 fejlesztik a [&hellip;]<\/p>\n","protected":false},"author":2561,"featured_media":0,"parent":0,"menu_order":0,"comment_status":"closed","ping_status":"closed","template":"","meta":{"_seopress_robots_primary_cat":"","_seopress_titles_title":"","_seopress_titles_desc":"","_seopress_robots_index":"","_et_pb_use_builder":"","_et_pb_old_content":"","_et_gb_content_width":"","footnotes":""},"class_list":["post-408","page","type-page","status-publish","hentry"],"_links":{"self":[{"href":"https:\/\/szulokhaza.hu\/gyor\/wp-json\/wp\/v2\/pages\/408","targetHints":{"allow":["GET"]}}],"collection":[{"href":"https:\/\/szulokhaza.hu\/gyor\/wp-json\/wp\/v2\/pages"}],"about":[{"href":"https:\/\/szulokhaza.hu\/gyor\/wp-json\/wp\/v2\/types\/page"}],"author":[{"embeddable":true,"href":"https:\/\/szulokhaza.hu\/gyor\/wp-json\/wp\/v2\/users\/2561"}],"replies":[{"embeddable":true,"href":"https:\/\/szulokhaza.hu\/gyor\/wp-json\/wp\/v2\/comments?post=408"}],"version-history":[{"count":0,"href":"https:\/\/szulokhaza.hu\/gyor\/wp-json\/wp\/v2\/pages\/408\/revisions"}],"wp:attachment":[{"href":"https:\/\/szulokhaza.hu\/gyor\/wp-json\/wp\/v2\/media?parent=408"}],"curies":[{"name":"wp","href":"https:\/\/api.w.org\/{rel}","templated":true}]}}

Szörp Színház

<div class="body">
<p><a href="http://szulokhaza.hu/gyor/wp-content/uploads/2012/09/bori-300x200.jpg" rel="attachment wp-att-5276"><img loading="lazy" decoding="async" class="alignleft size-medium wp-image-5276" src="http://szulokhaza.hu/gyor/wp-content/uploads/2012/09/bori-300x200-300x200.jpg" alt="" width="300" height="200" /></a></p>
<div class="body">
<p><em>A Szörp előadássorozatra a 2 &#8211; 7 éves korosztályt és szüleiket várjuk.</em></p>
<p>Előadásainkban különböző bábtechnikákat ötvözünk a színészi játékkal és élőzenével. Központi témáink a szociális, szövegalkotási, kognitív és esztétikai kompetenciák fejlesztése.<br />
Előadásaink interaktív részei fejlesztik a kommunikációs képességet, a koncentrációt, az együttműködésre való hajlamot és az iskolában elengedhetetlenül szükséges finom motorikai képességet. Továbbá fejlesztik a kreativitást és az alkotó képességet, ami csökkenti a feszültséget. Az előadások után a meséhez kapcsolódó kézműves foglalkozásokon közösen készítünk valami szépet. A SZÖRP remek szórakozás az egész családnak!<a href="http://szulokhaza.hu/ujbuda/wp-content/uploads/2012/09/baboscsaj.jpg" rel="attachment wp-att-5414"><img loading="lazy" decoding="async" class="wp-image-5414 alignright" src="http://szulokhaza.hu/ujbuda/wp-content/uploads/2012/09/baboscsaj-300x179.jpg" sizes="(max-width: 369px) 100vw, 369px" srcset="http://szulokhaza.hu/ujbuda/wp-content/uploads/2012/09/baboscsaj-300x179.jpg 300w, http://szulokhaza.hu/ujbuda/wp-content/uploads/2012/09/baboscsaj-600x357.jpg 600w, http://szulokhaza.hu/ujbuda/wp-content/uploads/2012/09/baboscsaj.jpg 640w" alt="SZÖRP interaktív bábszínház" width="369" height="220" /></a></p>
<p>“Minden gyermek művész. A gond csak az, hogyan maradjon művész felnőtt korában is. – Pablo Picasso</p>
</div>
<div class="body">
<p>A SZÖRP Színház egy családi program, így a<strong> kísérőknek a belépés ingyenes</strong>, szeretettel várjuk a szülőket, nagyszülőket is.<br />
Gyerekeknek a jegy <strong>ára: 1500.- forint</strong></p>
<p><strong>A jegyek korlátozott számban, elővételben kaphatók a Szülők Házában.</strong></p>
</div>
<p>&nbsp;</p>
<p>&nbsp;</p>
<p>&nbsp;</p>
</div>

<p>A Szörp előadássorozatra a 2 &#8211; 7 éves korosztályt és szüleiket várjuk. Előadásainkban különböző bábtechnikákat ötvözünk a színészi játékkal és élőzenével. Központi témáink a szociális, szövegalkotási, kognitív és esztétikai kompetenciák fejlesztése. Előadásaink interaktív részei fejlesztik a kommunikációs képességet, a koncentrációt, az együttműködésre való hajlamot és az iskolában elengedhetetlenül szükséges finom motorikai képességet. Továbbá fejlesztik a [&hellip;]</p>
