{"id":410,"date":"2012-09-17T16:23:08","date_gmt":"2012-09-17T14:23:08","guid":{"rendered":""},"modified":"2014-08-04T22:49:21","modified_gmt":"2014-08-04T20:49:21","slug":"tanfolyamok","status":"publish","type":"page","link":"https:\/\/szulokhaza.hu\/gyor\/tanfolyamok\/","title":{"rendered":"Tanfolyamok"},"content":{"rendered":"<div class=\"body\">\n<div>\n<p>&nbsp;<\/p>\n<p><img decoding=\"async\" style=\"width: 276px; height: 183px; margin-left: 10px; margin-right: 10px; float: left;\" src=\"http:\/\/szulokhaza.hu\/gyor\/wp-content\/uploads\/konfliktus2.jpg\" alt=\"konfliktus2.jpg\" \/>Tanfolyamainkat any\u00e1knak, ap\u00e1knak, p\u00e1roknak aj\u00e1nljuk, akik <strong>fejleszteni szeretn\u00e9k kommunik\u00e1ci\u00f3s \u00e9s konfliktuskezel\u00e9si k\u00e9pess\u00e9geiket, megold\u00e1sokat keresnek a m\u00e1r l\u00e9tez\u0151 probl\u00e9m\u00e1ikra vagy meg szeretn\u00e9k el\u0151zni azokat.\u00a0<\/strong>Speci\u00e1lis, \u201eVissza a munk\u00e1ba\u201d tr\u00e9ning\u00fcnk azoknak a h\u00f6lgyeknek seg\u00edt, akik ak\u00e1r t\u00f6bb\u00e9ves kihagy\u00e1st k\u00f6vet\u0151en a csal\u00e1d mell\u0151l mennek <strong>vissza dolgozni<\/strong>.<\/p>\n<p>&nbsp;<\/p>\n<p>&nbsp;<\/p>\n<p>&nbsp;<\/p>\n<h2>\n<strong>Sz\u00fcl\u0151i kommunik\u00e1ci\u00f3s tr\u00e9ning<\/strong><\/h2>\n<p align=\"LEFT\"><em>Nem tudod, hogyan mondd el v\u00e1gyaidat, \u00e9rz\u00e9seidet a p\u00e1rodnak?<\/em><br \/>\n<em>Elbesz\u00e9ltek egym\u00e1s mellett?<\/em><br \/>\n<em>El\u0151fordul, hogy m\u00e1st mond, mint amit val\u00f3j\u00e1ban \u00e9rez? Hogy m\u00e1st akar, mint amit val\u00f3j\u00e1ban kimond?<\/em><\/p>\n<p align=\"LEFT\">A tr\u00e9ning t\u00e9m\u00e1ja: sz\u00fcl\u0151k egym\u00e1s k\u00f6z\u00f6tti kommunik\u00e1ci\u00f3ja \u2013 asszertivit\u00e1s el\u0151seg\u00edt\u0151 tr\u00e9ning. A r\u00e9sztvev\u0151k megtanulj\u00e1k, hogyan kommunik\u00e1ljanak a p\u00e1rjukkal \u00fagy, hogy az val\u00f3ban meg\u00e9rtse a sz\u00e1nd\u00e9kaikat.<\/p>\n<p align=\"LEFT\">\u2013 Ki vagyok \u00e9n: ismerj\u00fck meg egym\u00e1st!<br \/>\n\u2013 Hogyan mondjam, hogy meg\u00e9rtsd?<br \/>\n\u2013 Mit akarok t\u0151led? \u2013 v\u00e1gyak, sz\u00e1nd\u00e9kok megfogalmaz\u00e1sa.<br \/>\n\u2013 Mit \u00e9rzek \u00e9n?<br \/>\n\u2013 Mi okoz \u00f6r\u00f6met sz\u00e1momra?<br \/>\n\u2013 Kommunik\u00e1ci\u00f3 a szexben.<\/p>\n<p align=\"LEFT\">\n<h2><strong>Sz\u00fcl\u0151i konfliktuskezel\u00e9si tr\u00e9ning <\/strong><\/h2>\n<p align=\"LEFT\"><em>Nem tudod elmondani, mi zavar a p\u00e1rodban, mert att\u00f3l f\u00e9lsz, megb\u00e1ntan\u00e1d?<\/em><br \/>\n<em>Azt gondolod, hogy t\u00fal sokat adsz \u00f6nmagadb\u00f3l, a m\u00e1sikt\u00f3l pedig t\u00fal keveset kapsz?<\/em><br \/>\n<em>\u00dagy \u00e9rzed, hogy p\u00e1rkapcsolatodra r\u00e1telepednek a nagysz\u00fcl\u0151k \u00e9s\/vagy a gyerekek?<\/em><br \/>\n<em>Konfliktust okoz p\u00e1roddal a gyereknevel\u00e9s?<\/em><\/p>\n<p align=\"LEFT\">A tr\u00e9ning t\u00e9m\u00e1ja: sz\u00fcl\u0151k k\u00f6z\u00f6tti konfliktusok megold\u00e1sa. A c\u00e9l az, hogy egy-egy konfliktushelyzetb\u0151l mindketten gy\u0151ztesen ker\u00fcljetek ki.<\/p>\n<p align=\"LEFT\">\u2013 Mi b\u00e1nt engem?<br \/>\n\u2013 Mit szeretek, \u00e9rt\u00e9kelek, \u00e9s mi zavar benned?<br \/>\n\u2013 Hol vannak az \u00e9n hat\u00e1raim?<br \/>\n\u2013 Hol vannak a mi hat\u00e1raink? (sz\u00fcl\u0151-nagysz\u00fcl\u0151-gyerek)<br \/>\n\u2013 \u00d6nv\u00e9delem, csal\u00e1d- \u00e9s t\u00e1rsv\u00e9delem, azaz egys\u00e9gben az er\u0151.<br \/>\n\u2013 Gyerekfegyelmez\u00e9si neh\u00e9zs\u00e9gek, konfliktusok.<\/p>\n<h2 align=\"LEFT\">\n<strong>Hogyan legyek \u00e9s NE legyek t\u00f6k\u00e9letes n\u0151 \u00e9s anya?<\/strong><\/h2>\n<p align=\"LEFT\"><em>Nem vagy tiszt\u00e1ban azzal, ki is vagy val\u00f3j\u00e1ban? Anya? Gyerek? T\u00e1rs? N\u0150? Mindez egy\u00fctt?<\/em><br \/>\n<em>Nem tudod, hogyan felelj meg a szerepekhez kapcsol\u00f3d\u00f3 elv\u00e1r\u00e1soknak?<\/em><br \/>\n<em>Ahhoz, hogy minden szerepben \u00f6nmagad legy\u00e9l, meg kell ismerned magad &#8211; ebben seg\u00edt az \u00f6nismereti tr\u00e9ning.<\/em><\/p>\n<p align=\"LEFT\">A tr\u00e9ning t\u00e9m\u00e1ja: ki vagyok \u00e9n val\u00f3j\u00e1ban?<\/p>\n<p align=\"LEFT\">\u2013 Ki vagyok \u00e9n: az any\u00e1m t\u00fckr\u00e9ben?<br \/>\n\u2013 Gyermekkori traum\u00e1k \u00e1rny\u00e9k\u00e1ban&#8230;<br \/>\n\u2013 Nem tudok feln\u0151ni.<br \/>\n\u2013 Ap\u00e1t keresek magamnak.<br \/>\n\u2013 Ki kinek a gyereke?<br \/>\n\u2013 N\u0150, \u00e9s nem csup\u00e1n anya szeretn\u00e9k lenni!<br \/>\n\u2013 Hov\u00e1 t\u0171nt az erotika az \u00e9letemb\u0151l?<\/p>\n<h2>\n<strong>Munka \u00e9s mag\u00e1n\u00e9let tr\u00e9ning<\/strong><\/h2>\n<p align=\"LEFT\"><em>Vissza a munk\u00e1ba<\/em><\/p>\n<p align=\"LEFT\">Dolgoz\u00f3 n\u0151nek \u00e9s any\u00e1nak lenni egyszerre bizony nem k\u00f6nny\u0171 feladat. El\u0151fordul, hogy neh\u00e9z eld\u00f6nteni, mit v\u00e1lasszunk: visszamenj\u00fcnk dolgozni, vagy maradjunk otthon a bab\u00e1val, am\u00edg csak lehet&#8230; De hi\u00e1nyzik a feln\u0151tt t\u00e1rsas\u00e1g, a munka, a kih\u00edv\u00e1s, \u00e9s persze j\u00f3l j\u00f6n a fizet\u00e9s is.\u00a0Rossz any\u00e1nak \u00e9rzed magad, mert sz\u00edvesen menn\u00e9l dolgozni, de \u00fagy \u00e9rzed, ezzel mag\u00e1ra hagyod gyermeked? Musz\u00e1j dolgoznod, de nem tudod, hogyan egyeztesd \u00f6ssze ezt a csal\u00e1di teend\u0151iddel? A tr\u00e9ning kapcs\u00e1n seg\u00edts\u00e9get \u00e9s tan\u00e1csokat kaphatsz, hogyan egyeztesd \u00f6ssze a munk\u00e1t a gyereknevel\u00e9ssel, \u00e9s hogyan illeszkedj vissza a munka vil\u00e1g\u00e1ba.<\/p>\n<p align=\"LEFT\">\n<h2 align=\"LEFT\"><strong>Csal\u00e1dmenedzsment<\/strong><\/h2>\n<p align=\"LEFT\"><em>Munka \u00e9s mag\u00e1n\u00e9let egyens\u00falya<\/em><\/p>\n<p align=\"LEFT\">Szinte nincs olyan n\u0151, aki \u00fagy gondoln\u00e1, t\u00f6k\u00e9letesen \u00f6ssze tudja egyeztetni a munk\u00e1j\u00e1t mag\u00e1n\u00e9leti, csal\u00e1danyai feladataival. Egy\u00e1ltal\u00e1n: lehets\u00e9ges ez? Vagy \u2013 mint az anyas\u00e1gban \u2013 itt sem a t\u00f6k\u00e9letess\u00e9g a c\u00e9l?<br \/>\nMint sok m\u00e1s t\u00e9ren, itt is minden \u201efejben d\u0151l el&#8221;.\u00a0A tr\u00e9ningen nem gyors recepteket \u00e9s praktikus h\u00e1ztart\u00e1svezet\u00e9si tan\u00e1csokat adunk, hanem megtudhatod, hogyan menedzseld a csal\u00e1dodat \u00fagy, hogy arra mindig tudj id\u0151t szak\u00edtani, ami val\u00f3ban fontos a sz\u00e1modra.<\/p>\n<p align=\"LEFT\">\n<h2 align=\"LEFT\"><strong>K\u00edv\u00fcl-bel\u00fcl meg\u00fajul\u00e1s<\/strong><\/h2>\n<p align=\"LEFT\"><em>A sz\u00e9ps\u00e9g bel\u00fclr\u0151l fakad, de k\u00edv\u00fcl l\u00e1tszik<\/em><\/p>\n<p align=\"LEFT\">Biztosan tal\u00e1lkozt\u00e1l m\u00e1r olyan emberekkel, akikn\u00e9l valami nem stimmelt. Szuperdivatosan \u00f6lt\u00f6ztek, \u00e1poltak \u00e9s fittek voltak, m\u00e9gsem t\u0171ntek kiegyens\u00falyozottnak. Vagy \u00e9ppen ford\u00edtva: vannak n\u0151k, akik kedvesek \u00e9s okosak, de slamposak, elhanyagolj\u00e1k a k\u00fcls\u0151j\u00fcket. Biztos lehetsz benne, hogy a lelke m\u00e9ly\u00e9n egyik\u0151j\u00fck sem kiegyens\u00falyozott. A sz\u00e9ps\u00e9g nem a kil\u00f3kt\u00f3l \u00e9s a kort\u00f3l f\u00fcgg. Ahhoz, hogy sikeres l\u00e9gy \u00e9s boldognak \u00e9rezd magad, fontos, hogy el\u00e9gedett legy\u00e9l \u00f6nmagaddal \u00e9s k\u00fcls\u0151 megjelen\u00e9sed egyens\u00falyban legyen bens\u0151ddel. Azaz, legyen kisug\u00e1rz\u00e1sod. Tr\u00e9ning\u00fcnk\u00f6n pszichol\u00f3gus, stylist, fodr\u00e1sz, kozmetikus, coach k\u00f6zrem\u0171k\u00f6d\u00e9s\u00e9vel seg\u00edts\u00e9get ny\u00fajtunk ahhoz, hogy meg\u00fajulj. Nem egyensz\u00e9ps\u00e9geket k\u00e9pz\u00fcnk \u00e9s nem er\u0151ltet\u00fcnk r\u00e1d semmit. Tan\u00e1csaink szem\u00e9lyre szabottak, mert a legfontosabb: l\u00e9gy \u00f6nmagad!<\/p>\n<p align=\"LEFT\">\u00a0<em><strong>Tov\u00e1bbi inform\u00e1ci\u00f3\u00a0telefonon: 20\/483-6140, e-mailben: <\/strong><span style=\"text-decoration: underline;\"><a href=\"mailto:szulokhaza@szulokhaza.hu\"><strong>szulokhazagyor@szulokhaza.hu<\/strong><\/a><\/span><\/em><\/p>\n<p align=\"LEFT\">\n<\/div>\n<\/div>\n","protected":false},"excerpt":{"rendered":"<p>&nbsp; Tanfolyamainkat any\u00e1knak, ap\u00e1knak, p\u00e1roknak aj\u00e1nljuk, akik fejleszteni szeretn\u00e9k kommunik\u00e1ci\u00f3s \u00e9s konfliktuskezel\u00e9si k\u00e9pess\u00e9geiket, megold\u00e1sokat keresnek a m\u00e1r l\u00e9tez\u0151 probl\u00e9m\u00e1ikra vagy meg szeretn\u00e9k el\u0151zni azokat.\u00a0Speci\u00e1lis, \u201eVissza a munk\u00e1ba\u201d tr\u00e9ning\u00fcnk azoknak a h\u00f6lgyeknek seg\u00edt, akik ak\u00e1r t\u00f6bb\u00e9ves kihagy\u00e1st k\u00f6vet\u0151en a csal\u00e1d mell\u0151l mennek vissza dolgozni. &nbsp; &nbsp; &nbsp; Sz\u00fcl\u0151i kommunik\u00e1ci\u00f3s tr\u00e9ning Nem tudod, hogyan mondd el v\u00e1gyaidat, [&hellip;]<\/p>\n","protected":false},"author":2561,"featured_media":0,"parent":0,"menu_order":0,"comment_status":"closed","ping_status":"closed","template":"","meta":{"_seopress_robots_primary_cat":"","_seopress_titles_title":"","_seopress_titles_desc":"","_seopress_robots_index":"","_et_pb_use_builder":"","_et_pb_old_content":"","_et_gb_content_width":"","footnotes":""},"class_list":["post-410","page","type-page","status-publish","hentry"],"_links":{"self":[{"href":"https:\/\/szulokhaza.hu\/gyor\/wp-json\/wp\/v2\/pages\/410","targetHints":{"allow":["GET"]}}],"collection":[{"href":"https:\/\/szulokhaza.hu\/gyor\/wp-json\/wp\/v2\/pages"}],"about":[{"href":"https:\/\/szulokhaza.hu\/gyor\/wp-json\/wp\/v2\/types\/page"}],"author":[{"embeddable":true,"href":"https:\/\/szulokhaza.hu\/gyor\/wp-json\/wp\/v2\/users\/2561"}],"replies":[{"embeddable":true,"href":"https:\/\/szulokhaza.hu\/gyor\/wp-json\/wp\/v2\/comments?post=410"}],"version-history":[{"count":0,"href":"https:\/\/szulokhaza.hu\/gyor\/wp-json\/wp\/v2\/pages\/410\/revisions"}],"wp:attachment":[{"href":"https:\/\/szulokhaza.hu\/gyor\/wp-json\/wp\/v2\/media?parent=410"}],"curies":[{"name":"wp","href":"https:\/\/api.w.org\/{rel}","templated":true}]}}