{"id":4780,"date":"2015-09-28T22:09:42","date_gmt":"2015-09-28T20:09:42","guid":{"rendered":"http:\/\/szulokhaza.hu\/gyor\/?page_id=4780"},"modified":"2020-02-10T13:58:21","modified_gmt":"2020-02-10T12:58:21","slug":"minimuzsika","status":"publish","type":"page","link":"https:\/\/szulokhaza.hu\/gyor\/minimuzsika\/","title":{"rendered":"Minimuzsika"},"content":{"rendered":"<p>[et_pb_section fb_built=&#8221;1&#8243; admin_label=&#8221;section&#8221; _builder_version=&#8221;3.22&#8243;][et_pb_row admin_label=&#8221;row&#8221; _builder_version=&#8221;3.25&#8243; background_size=&#8221;initial&#8221; background_position=&#8221;top_left&#8221; background_repeat=&#8221;repeat&#8221;][et_pb_column type=&#8221;4_4&#8243; _builder_version=&#8221;3.25&#8243; custom_padding=&#8221;|||&#8221; custom_padding__hover=&#8221;|||&#8221;][et_pb_text admin_label=&#8221;Text&#8221; _builder_version=&#8221;4.3.2&#8243; background_size=&#8221;initial&#8221; background_position=&#8221;top_left&#8221; background_repeat=&#8221;repeat&#8221; hover_enabled=&#8221;0&#8243;]<\/p>\n<p><a href=\"https:\/\/szulokhaza.hu\/gyor\/wp-content\/uploads\/2014\/05\/muzsi.jpg\"><img loading=\"lazy\" decoding=\"async\" class=\"alignleft size-medium wp-image-3626\" src=\"https:\/\/szulokhaza.hu\/gyor\/wp-content\/uploads\/2014\/05\/muzsi-300x225.jpg\" alt=\"\" width=\"300\" height=\"225\" srcset=\"https:\/\/szulokhaza.hu\/gyor\/wp-content\/uploads\/2014\/05\/muzsi.jpg 300w, https:\/\/szulokhaza.hu\/gyor\/wp-content\/uploads\/2014\/05\/muzsi-20x15.jpg 20w\" sizes=\"(max-width: 300px) 100vw, 300px\" \/><\/a>\u00c9rzelmi fejleszt\u0151 zen\u00e9s j\u00e1t\u00e9k, sok mozg\u00e1ssal. A foglalkoz\u00e1sok<strong>\u00a0<\/strong>gerinc\u00e9t az \u00e9letkor saj\u00e1toss\u00e1gaira \u00e9p\u00fcl\u0151 dramatikus j\u00e1t\u00e9kok k\u00e9pezik. A\u00a0fant\u00e1ziaj\u00e1t\u00e9k\u00a0sor\u00e1n mond\u00f3k\u00e1kat, klasszikus gyermekverseket mondunk, amelyeket ritmikus mozg\u00e1s is k\u00eds\u00e9r. A\u00a0ritmusos verseket ig\u00e9nyes zen\u00e9vel \u00f6tv\u00f6zz\u00fck, zen\u00e9t hallgatunk, mozgunk, \u00e9nekl\u00fcnk.<\/p>\n<p>J\u00f3 hat\u00e1ssal van a gyerekek kifejez\u0151- \u00e9s besz\u00e9dk\u00e9szs\u00e9g\u00e9nek, zenei \u00e9s ritmus\u00e9rz\u00e9k\u00e9nek megalapoz\u00e1s\u00e1ra.<br \/> A hangs\u00faly nemcsak az \u00f6nkifejez\u0151 \u00e9s zenei k\u00e9szs\u00e9gek alapoz\u00e1s\u00e1n, el\u0151h\u00edv\u00e1s\u00e1n van. F\u0151 c\u00e9lunk az, hogy az egy\u00fctt- \u00e9nekl\u00e9s, egy\u00fctt-mozg\u00e1s, k\u00f6z\u00f6s j\u00e1t\u00e9k egym\u00e1ssal megosztott \u00f6r\u00f6m\u00e9t \u00e9lj\u00e9k \u00e1t a gyerekek \u00e9s a sz\u00fcl\u0151k.\u00a0A zenei \u00e9lm\u00e9nyek feldolgoz\u00e1sa \u00e9s mozg\u00e1ss\u00e1, \u00f6nkifejez\u00e9ss\u00e9 alak\u00edt\u00e1sa dr\u00e1mapedag\u00f3giai m\u00f3dszerekkel t\u00f6rt\u00e9nik, gyakorlott dr\u00e1mapedag\u00f3gus seg\u00edts\u00e9g\u00e9vel.\u00a0A j\u00e1t\u00e9kokat otthon a sz\u00fcl\u0151k is j\u00e1tszhatj\u00e1k gyermekeikkel egy\u00fctt.<\/p>\n<p>&nbsp;<\/p>\n<p>[\/et_pb_text][\/et_pb_column][\/et_pb_row][\/et_pb_section]<\/p>\n","protected":false},"excerpt":{"rendered":"<p>\u00c9rzelmi fejleszt\u0151 zen\u00e9s j\u00e1t\u00e9k, sok mozg\u00e1ssal. A foglalkoz\u00e1sok\u00a0gerinc\u00e9t az \u00e9letkor saj\u00e1toss\u00e1gaira \u00e9p\u00fcl\u0151 dramatikus j\u00e1t\u00e9kok k\u00e9pezik. A\u00a0fant\u00e1ziaj\u00e1t\u00e9k\u00a0sor\u00e1n mond\u00f3k\u00e1kat, klasszikus gyermekverseket mondunk, amelyeket ritmikus mozg\u00e1s is k\u00eds\u00e9r. A\u00a0ritmusos verseket ig\u00e9nyes zen\u00e9vel \u00f6tv\u00f6zz\u00fck, zen\u00e9t hallgatunk, mozgunk, \u00e9nekl\u00fcnk. J\u00f3 hat\u00e1ssal van a gyerekek kifejez\u0151- \u00e9s besz\u00e9dk\u00e9szs\u00e9g\u00e9nek, zenei \u00e9s ritmus\u00e9rz\u00e9k\u00e9nek megalapoz\u00e1s\u00e1ra. A hangs\u00faly nemcsak az \u00f6nkifejez\u0151 \u00e9s zenei k\u00e9szs\u00e9gek alapoz\u00e1s\u00e1n, [&hellip;]<\/p>\n","protected":false},"author":2561,"featured_media":0,"parent":0,"menu_order":0,"comment_status":"closed","ping_status":"closed","template":"","meta":{"_seopress_robots_primary_cat":"","_seopress_titles_title":"","_seopress_titles_desc":"","_seopress_robots_index":"","_et_pb_use_builder":"on","_et_pb_old_content":"<a href=\"http:\/\/szulokhaza.hu\/gyor\/wp-content\/uploads\/2014\/05\/muzsi.jpg\"><img class=\"alignleft size-medium wp-image-3626\" src=\"http:\/\/szulokhaza.hu\/gyor\/wp-content\/uploads\/2014\/05\/muzsi-300x225.jpg\" alt=\"\" width=\"300\" height=\"225\" \/><\/a>\u00c9rzelmi fejleszt\u0151 zen\u00e9s j\u00e1t\u00e9k, sok mozg\u00e1ssal. A foglalkoz\u00e1sok<strong>\u00a0<\/strong>gerinc\u00e9t az \u00e9letkor saj\u00e1toss\u00e1gaira \u00e9p\u00fcl\u0151 dramatikus j\u00e1t\u00e9kok k\u00e9pezik. A\u00a0fant\u00e1ziaj\u00e1t\u00e9k\u00a0sor\u00e1n mond\u00f3k\u00e1kat, klasszikus gyermekverseket mondunk, amelyeket ritmikus mozg\u00e1s is k\u00eds\u00e9r. A\u00a0ritmusos verseket ig\u00e9nyes zen\u00e9vel \u00f6tv\u00f6zz\u00fck, zen\u00e9t hallgatunk, mozgunk, \u00e9nekl\u00fcnk.\r\n\r\nJ\u00f3 hat\u00e1ssal van a gyerekek kifejez\u0151- \u00e9s besz\u00e9dk\u00e9szs\u00e9g\u00e9nek, zenei \u00e9s ritmus\u00e9rz\u00e9k\u00e9nek megalapoz\u00e1s\u00e1ra.\r\nA hangs\u00faly nemcsak az \u00f6nkifejez\u0151 \u00e9s zenei k\u00e9szs\u00e9gek alapoz\u00e1s\u00e1n, el\u0151h\u00edv\u00e1s\u00e1n van. F\u0151 c\u00e9lunk az, hogy az egy\u00fctt- \u00e9nekl\u00e9s, egy\u00fctt-mozg\u00e1s, k\u00f6z\u00f6s j\u00e1t\u00e9k egym\u00e1ssal megosztott \u00f6r\u00f6m\u00e9t \u00e9lj\u00e9k \u00e1t a gyerekek \u00e9s a sz\u00fcl\u0151k.\u00a0A zenei \u00e9lm\u00e9nyek feldolgoz\u00e1sa \u00e9s mozg\u00e1ss\u00e1, \u00f6nkifejez\u00e9ss\u00e9 alak\u00edt\u00e1sa dr\u00e1mapedag\u00f3giai m\u00f3dszerekkel t\u00f6rt\u00e9nik, gyakorlott dr\u00e1mapedag\u00f3gus seg\u00edts\u00e9g\u00e9vel.\u00a0A j\u00e1t\u00e9kokat otthon a sz\u00fcl\u0151k is j\u00e1tszhatj\u00e1k gyermekeikkel egy\u00fctt.\r\n\r\n<strong>Cs\u00fct\u00f6rt\u00f6k: 10:00 <\/strong>(6h\u00f3napost\u00f3l-2,5 \u00e9ves korig)\r\n(El\u0151zetes jelentkez\u00e9s sz\u00fcks\u00e9ges!)","_et_gb_content_width":"","footnotes":""},"class_list":["post-4780","page","type-page","status-publish","hentry"],"_links":{"self":[{"href":"https:\/\/szulokhaza.hu\/gyor\/wp-json\/wp\/v2\/pages\/4780","targetHints":{"allow":["GET"]}}],"collection":[{"href":"https:\/\/szulokhaza.hu\/gyor\/wp-json\/wp\/v2\/pages"}],"about":[{"href":"https:\/\/szulokhaza.hu\/gyor\/wp-json\/wp\/v2\/types\/page"}],"author":[{"embeddable":true,"href":"https:\/\/szulokhaza.hu\/gyor\/wp-json\/wp\/v2\/users\/2561"}],"replies":[{"embeddable":true,"href":"https:\/\/szulokhaza.hu\/gyor\/wp-json\/wp\/v2\/comments?post=4780"}],"version-history":[{"count":2,"href":"https:\/\/szulokhaza.hu\/gyor\/wp-json\/wp\/v2\/pages\/4780\/revisions"}],"predecessor-version":[{"id":6383,"href":"https:\/\/szulokhaza.hu\/gyor\/wp-json\/wp\/v2\/pages\/4780\/revisions\/6383"}],"wp:attachment":[{"href":"https:\/\/szulokhaza.hu\/gyor\/wp-json\/wp\/v2\/media?parent=4780"}],"curies":[{"name":"wp","href":"https:\/\/api.w.org\/{rel}","templated":true}]}}

<p>[et_pb_section fb_built=&#8221;1&#8243; admin_label=&#8221;section&#8221; _builder_version=&#8221;3.22&#8243;][et_pb_row admin_label=&#8221;row&#8221; _builder_version=&#8221;3.25&#8243; background_size=&#8221;initial&#8221; background_position=&#8221;top_left&#8221; background_repeat=&#8221;repeat&#8221;][et_pb_column type=&#8221;4_4&#8243; _builder_version=&#8221;3.25&#8243; custom_padding=&#8221;|||&#8221; custom_padding__hover=&#8221;|||&#8221;][et_pb_text admin_label=&#8221;Text&#8221; _builder_version=&#8221;4.3.2&#8243; background_size=&#8221;initial&#8221; background_position=&#8221;top_left&#8221; background_repeat=&#8221;repeat&#8221; hover_enabled=&#8221;0&#8243;]</p>
<p><a href="https://szulokhaza.hu/gyor/wp-content/uploads/2014/05/muzsi.jpg"><img loading="lazy" decoding="async" class="alignleft size-medium wp-image-3626" src="https://szulokhaza.hu/gyor/wp-content/uploads/2014/05/muzsi-300x225.jpg" alt="" width="300" height="225" srcset="https://szulokhaza.hu/gyor/wp-content/uploads/2014/05/muzsi.jpg 300w, https://szulokhaza.hu/gyor/wp-content/uploads/2014/05/muzsi-20x15.jpg 20w" sizes="(max-width: 300px) 100vw, 300px" /></a>Érzelmi fejlesztő zenés játék, sok mozgással. A foglalkozások<strong> </strong>gerincét az életkor sajátosságaira épülő dramatikus játékok képezik. A fantáziajáték során mondókákat, klasszikus gyermekverseket mondunk, amelyeket ritmikus mozgás is kísér. A ritmusos verseket igényes zenével ötvözzük, zenét hallgatunk, mozgunk, éneklünk.</p>
<p>Jó hatással van a gyerekek kifejező- és beszédkészségének, zenei és ritmusérzékének megalapozására.<br /> A hangsúly nemcsak az önkifejező és zenei készségek alapozásán, előhívásán van. Fő célunk az, hogy az együtt- éneklés, együtt-mozgás, közös játék egymással megosztott örömét éljék át a gyerekek és a szülők. A zenei élmények feldolgozása és mozgássá, önkifejezéssé alakítása drámapedagógiai módszerekkel történik, gyakorlott drámapedagógus segítségével. A játékokat otthon a szülők is játszhatják gyermekeikkel együtt.</p>
<p>&nbsp;</p>
<p>[/et_pb_text][/et_pb_column][/et_pb_row][/et_pb_section]</p>

<p>Érzelmi fejlesztő zenés játék, sok mozgással. A foglalkozások gerincét az életkor sajátosságaira épülő dramatikus játékok képezik. A fantáziajáték során mondókákat, klasszikus gyermekverseket mondunk, amelyeket ritmikus mozgás is kísér. A ritmusos verseket igényes zenével ötvözzük, zenét hallgatunk, mozgunk, éneklünk. Jó hatással van a gyerekek kifejező- és beszédkészségének, zenei és ritmusérzékének megalapozására. A hangsúly nemcsak az önkifejező és zenei készségek alapozásán, [&hellip;]</p>

<a href="http://szulokhaza.hu/gyor/wp-content/uploads/2014/05/muzsi.jpg"><img class="alignleft size-medium wp-image-3626" src="http://szulokhaza.hu/gyor/wp-content/uploads/2014/05/muzsi-300x225.jpg" alt="" width="300" height="225" /></a>Érzelmi fejlesztő zenés játék, sok mozgással. A foglalkozások<strong> </strong>gerincét az életkor sajátosságaira épülő dramatikus játékok képezik. A fantáziajáték során mondókákat, klasszikus gyermekverseket mondunk, amelyeket ritmikus mozgás is kísér. A ritmusos verseket igényes zenével ötvözzük, zenét hallgatunk, mozgunk, éneklünk.

Jó hatással van a gyerekek kifejező- és beszédkészségének, zenei és ritmusérzékének megalapozására.
A hangsúly nemcsak az önkifejező és zenei készségek alapozásán, előhívásán van. Fő célunk az, hogy az együtt- éneklés, együtt-mozgás, közös játék egymással megosztott örömét éljék át a gyerekek és a szülők. A zenei élmények feldolgozása és mozgássá, önkifejezéssé alakítása drámapedagógiai módszerekkel történik, gyakorlott drámapedagógus segítségével. A játékokat otthon a szülők is játszhatják gyermekeikkel együtt.

<strong>Csütörtök: 10:00 </strong>(6hónapostól-2,5 éves korig)
(Előzetes jelentkezés szükséges!)
