{"id":4808,"date":"2015-09-28T23:32:26","date_gmt":"2015-09-28T21:32:26","guid":{"rendered":"http:\/\/szulokhaza.hu\/gyor\/?page_id=4808"},"modified":"2015-09-29T10:59:08","modified_gmt":"2015-09-29T08:59:08","slug":"jatszohaz","status":"publish","type":"page","link":"https:\/\/szulokhaza.hu\/gyor\/jatszohaz\/","title":{"rendered":"J\u00e1tsz\u00f3h\u00e1z"},"content":{"rendered":"<p><span class=\"swb\">A Sz\u00fcl\u0151k H\u00e1za egy hatalmas nappali, ahol k\u00e9nyelmes karossz\u00e9kben d\u0151lhetsz h\u00e1tra, \u00fajs\u00e1got olvashatsz, internetezhetsz, k\u00e1v\u00e9zhatsz, besz\u00e9lgethetsz, am\u00edg gyermekeid ig\u00e9nyes \u00e9s biztons\u00e1gos k\u00f6rnyezetben,<br \/>\nszakk\u00e9pzett munkat\u00e1rsaink fel\u00fcgyelete alatt j\u00e1tszanak, 2 \u00e9ves kort\u00f3l ha szeretn\u00e9d itt is hagyhatod egyed\u00fcl.\u00a0<\/span><\/p>\n<p>Ez az a hely, ahol a kicsik j\u00e1tszhatnak, torn\u00e1zhatnak vagy \u00e9ppen muzsik\u00e1lhatnak. A nagyok, azaz az anyuk\u00e1k, apuk\u00e1k, s\u0151t a nagymam\u00e1k \u00e9s a nagypap\u00e1k is b\u00e1tran bet\u00e9rhetnek, \u00e9s az sem baj, ha magukkal viszik a gondjaikat, probl\u00e9m\u00e1ikat. Mert az biztos, hogy \u00f3r\u00e1k m\u00falva m\u00e1r azokat h\u00e1trahagyva, \u00faj utakon indulhatnak haza\u2026<\/p>\n<p>V\u00e1runk szeretettel!<\/p>\n<p>&nbsp;<\/p>\n<p><a href=\"http:\/\/szulokhaza.hu\/gyor\/wp-content\/uploads\/2015\/09\/DSCN9072_k.jpg\"><img loading=\"lazy\" decoding=\"async\" class=\"alignleft size-medium wp-image-4821\" src=\"http:\/\/szulokhaza.hu\/gyor\/wp-content\/uploads\/2015\/09\/DSCN9072_k-300x225.jpg\" alt=\"\" width=\"300\" height=\"225\" srcset=\"https:\/\/szulokhaza.hu\/gyor\/wp-content\/uploads\/2015\/09\/DSCN9072_k-300x225.jpg 300w, https:\/\/szulokhaza.hu\/gyor\/wp-content\/uploads\/2015\/09\/DSCN9072_k-600x450.jpg 600w, https:\/\/szulokhaza.hu\/gyor\/wp-content\/uploads\/2015\/09\/DSCN9072_k-510x382.jpg 510w, https:\/\/szulokhaza.hu\/gyor\/wp-content\/uploads\/2015\/09\/DSCN9072_k-20x15.jpg 20w, https:\/\/szulokhaza.hu\/gyor\/wp-content\/uploads\/2015\/09\/DSCN9072_k.jpg 640w\" sizes=\"(max-width: 300px) 100vw, 300px\" \/><\/a><a href=\"http:\/\/szulokhaza.hu\/gyor\/wp-content\/uploads\/2015\/09\/DSCN9065_k.jpg\"><img loading=\"lazy\" decoding=\"async\" class=\"alignright size-medium wp-image-4819\" src=\"http:\/\/szulokhaza.hu\/gyor\/wp-content\/uploads\/2015\/09\/DSCN9065_k-300x225.jpg\" alt=\"\" width=\"300\" height=\"225\" srcset=\"https:\/\/szulokhaza.hu\/gyor\/wp-content\/uploads\/2015\/09\/DSCN9065_k-300x225.jpg 300w, https:\/\/szulokhaza.hu\/gyor\/wp-content\/uploads\/2015\/09\/DSCN9065_k-600x450.jpg 600w, https:\/\/szulokhaza.hu\/gyor\/wp-content\/uploads\/2015\/09\/DSCN9065_k-510x382.jpg 510w, https:\/\/szulokhaza.hu\/gyor\/wp-content\/uploads\/2015\/09\/DSCN9065_k-20x15.jpg 20w, https:\/\/szulokhaza.hu\/gyor\/wp-content\/uploads\/2015\/09\/DSCN9065_k.jpg 640w\" sizes=\"(max-width: 300px) 100vw, 300px\" \/><\/a><a href=\"http:\/\/szulokhaza.hu\/gyor\/wp-content\/uploads\/2015\/09\/DSCN9063_k.jpg\"><img loading=\"lazy\" decoding=\"async\" class=\"alignright size-medium wp-image-4817\" src=\"http:\/\/szulokhaza.hu\/gyor\/wp-content\/uploads\/2015\/09\/DSCN9063_k-300x225.jpg\" alt=\"\" width=\"300\" height=\"225\" srcset=\"https:\/\/szulokhaza.hu\/gyor\/wp-content\/uploads\/2015\/09\/DSCN9063_k-300x225.jpg 300w, https:\/\/szulokhaza.hu\/gyor\/wp-content\/uploads\/2015\/09\/DSCN9063_k-600x450.jpg 600w, https:\/\/szulokhaza.hu\/gyor\/wp-content\/uploads\/2015\/09\/DSCN9063_k-510x382.jpg 510w, https:\/\/szulokhaza.hu\/gyor\/wp-content\/uploads\/2015\/09\/DSCN9063_k-20x15.jpg 20w, https:\/\/szulokhaza.hu\/gyor\/wp-content\/uploads\/2015\/09\/DSCN9063_k.jpg 640w\" sizes=\"(max-width: 300px) 100vw, 300px\" \/><\/a><a href=\"http:\/\/szulokhaza.hu\/gyor\/wp-content\/uploads\/2015\/09\/DSCN9056_k.jpg\"><img loading=\"lazy\" decoding=\"async\" class=\"alignleft size-medium wp-image-4816\" src=\"http:\/\/szulokhaza.hu\/gyor\/wp-content\/uploads\/2015\/09\/DSCN9056_k-300x225.jpg\" alt=\"\" width=\"300\" height=\"225\" srcset=\"https:\/\/szulokhaza.hu\/gyor\/wp-content\/uploads\/2015\/09\/DSCN9056_k-300x225.jpg 300w, https:\/\/szulokhaza.hu\/gyor\/wp-content\/uploads\/2015\/09\/DSCN9056_k-600x450.jpg 600w, https:\/\/szulokhaza.hu\/gyor\/wp-content\/uploads\/2015\/09\/DSCN9056_k-510x382.jpg 510w, https:\/\/szulokhaza.hu\/gyor\/wp-content\/uploads\/2015\/09\/DSCN9056_k-20x15.jpg 20w, https:\/\/szulokhaza.hu\/gyor\/wp-content\/uploads\/2015\/09\/DSCN9056_k.jpg 640w\" sizes=\"(max-width: 300px) 100vw, 300px\" \/><\/a><a href=\"http:\/\/szulokhaza.hu\/gyor\/wp-content\/uploads\/2015\/09\/DSCN9066_k.jpg\"><img loading=\"lazy\" decoding=\"async\" class=\"alignright size-medium wp-image-4820\" src=\"http:\/\/szulokhaza.hu\/gyor\/wp-content\/uploads\/2015\/09\/DSCN9066_k-300x225.jpg\" alt=\"\" width=\"300\" height=\"225\" srcset=\"https:\/\/szulokhaza.hu\/gyor\/wp-content\/uploads\/2015\/09\/DSCN9066_k-300x225.jpg 300w, https:\/\/szulokhaza.hu\/gyor\/wp-content\/uploads\/2015\/09\/DSCN9066_k-600x450.jpg 600w, https:\/\/szulokhaza.hu\/gyor\/wp-content\/uploads\/2015\/09\/DSCN9066_k-510x382.jpg 510w, https:\/\/szulokhaza.hu\/gyor\/wp-content\/uploads\/2015\/09\/DSCN9066_k-20x15.jpg 20w, https:\/\/szulokhaza.hu\/gyor\/wp-content\/uploads\/2015\/09\/DSCN9066_k.jpg 640w\" sizes=\"(max-width: 300px) 100vw, 300px\" \/><\/a><a href=\"http:\/\/szulokhaza.hu\/gyor\/wp-content\/uploads\/2015\/09\/DSCN9064_k.jpg\"><img loading=\"lazy\" decoding=\"async\" class=\"alignleft size-medium wp-image-4818\" src=\"http:\/\/szulokhaza.hu\/gyor\/wp-content\/uploads\/2015\/09\/DSCN9064_k-300x225.jpg\" alt=\"\" width=\"300\" height=\"225\" srcset=\"https:\/\/szulokhaza.hu\/gyor\/wp-content\/uploads\/2015\/09\/DSCN9064_k-300x225.jpg 300w, https:\/\/szulokhaza.hu\/gyor\/wp-content\/uploads\/2015\/09\/DSCN9064_k-600x450.jpg 600w, https:\/\/szulokhaza.hu\/gyor\/wp-content\/uploads\/2015\/09\/DSCN9064_k-510x382.jpg 510w, https:\/\/szulokhaza.hu\/gyor\/wp-content\/uploads\/2015\/09\/DSCN9064_k-20x15.jpg 20w, https:\/\/szulokhaza.hu\/gyor\/wp-content\/uploads\/2015\/09\/DSCN9064_k.jpg 640w\" sizes=\"(max-width: 300px) 100vw, 300px\" \/><\/a><\/p>\n","protected":false},"excerpt":{"rendered":"<p>A Sz\u00fcl\u0151k H\u00e1za egy hatalmas nappali, ahol k\u00e9nyelmes karossz\u00e9kben d\u0151lhetsz h\u00e1tra, \u00fajs\u00e1got olvashatsz, internetezhetsz, k\u00e1v\u00e9zhatsz, besz\u00e9lgethetsz, am\u00edg gyermekeid ig\u00e9nyes \u00e9s biztons\u00e1gos k\u00f6rnyezetben, szakk\u00e9pzett munkat\u00e1rsaink fel\u00fcgyelete alatt j\u00e1tszanak, 2 \u00e9ves kort\u00f3l ha szeretn\u00e9d itt is hagyhatod egyed\u00fcl.\u00a0 Ez az a hely, ahol a kicsik j\u00e1tszhatnak, torn\u00e1zhatnak vagy \u00e9ppen muzsik\u00e1lhatnak. A nagyok, azaz az anyuk\u00e1k, apuk\u00e1k, s\u0151t [&hellip;]<\/p>\n","protected":false},"author":2561,"featured_media":0,"parent":0,"menu_order":0,"comment_status":"closed","ping_status":"closed","template":"","meta":{"_seopress_robots_primary_cat":"","_seopress_titles_title":"","_seopress_titles_desc":"","_seopress_robots_index":"","_et_pb_use_builder":"","_et_pb_old_content":"","_et_gb_content_width":"","footnotes":""},"class_list":["post-4808","page","type-page","status-publish","hentry"],"_links":{"self":[{"href":"https:\/\/szulokhaza.hu\/gyor\/wp-json\/wp\/v2\/pages\/4808","targetHints":{"allow":["GET"]}}],"collection":[{"href":"https:\/\/szulokhaza.hu\/gyor\/wp-json\/wp\/v2\/pages"}],"about":[{"href":"https:\/\/szulokhaza.hu\/gyor\/wp-json\/wp\/v2\/types\/page"}],"author":[{"embeddable":true,"href":"https:\/\/szulokhaza.hu\/gyor\/wp-json\/wp\/v2\/users\/2561"}],"replies":[{"embeddable":true,"href":"https:\/\/szulokhaza.hu\/gyor\/wp-json\/wp\/v2\/comments?post=4808"}],"version-history":[{"count":0,"href":"https:\/\/szulokhaza.hu\/gyor\/wp-json\/wp\/v2\/pages\/4808\/revisions"}],"wp:attachment":[{"href":"https:\/\/szulokhaza.hu\/gyor\/wp-json\/wp\/v2\/media?parent=4808"}],"curies":[{"name":"wp","href":"https:\/\/api.w.org\/{rel}","templated":true}]}}