{"id":8121,"date":"2022-06-24T12:24:10","date_gmt":"2022-06-24T10:24:10","guid":{"rendered":"https:\/\/szulokhaza.hu\/gyor\/?page_id=8121"},"modified":"2022-06-24T12:24:10","modified_gmt":"2022-06-24T10:24:10","slug":"jatszohaz-2","status":"publish","type":"page","link":"https:\/\/szulokhaza.hu\/gyor\/jatszohaz-2\/","title":{"rendered":"J\u00e1tsz\u00f3h\u00e1z"},"content":{"rendered":"<p>[et_pb_section fb_built=&#8221;1&#8243; theme_builder_area=&#8221;post_content&#8221; _builder_version=&#8221;4.17.4&#8243; _module_preset=&#8221;default&#8221;][et_pb_row _builder_version=&#8221;4.17.4&#8243; _module_preset=&#8221;default&#8221; theme_builder_area=&#8221;post_content&#8221;][et_pb_column _builder_version=&#8221;4.17.4&#8243; _module_preset=&#8221;default&#8221; type=&#8221;4_4&#8243; theme_builder_area=&#8221;post_content&#8221;][et_pb_text _builder_version=&#8221;4.17.4&#8243; _module_preset=&#8221;default&#8221; theme_builder_area=&#8221;post_content&#8221; header_text_color=&#8221;#f69e0f&#8221; header_text_align=&#8221;center&#8221; header_letter_spacing=&#8221;2px&#8221; hover_enabled=&#8221;0&#8243; sticky_enabled=&#8221;0&#8243;]<\/p>\n<h1>J\u00e1tsz\u00f3h\u00e1z<\/h1>\n<p><span class=\"swb\"><\/span><\/p>\n<p><span class=\"swb\">A Sz\u00fcl\u0151k H\u00e1za egy hatalmas nappali, ahol k\u00e9nyelmes kanap\u00e9n d\u0151lhetsz h\u00e1tra, \u00fajs\u00e1got olvashatsz, internetezhetsz, k\u00e1v\u00e9zhatsz, besz\u00e9lgethetsz, am\u00edg gyermekeid ig\u00e9nyes \u00e9s biztons\u00e1gos k\u00f6rnyezetben, szakk\u00e9pzett munkat\u00e1rsaink fel\u00fcgyelete alatt j\u00e1tszanak, 2 \u00e9ves kort\u00f3l ha szeretn\u00e9d itt is hagyhatod egyed\u00fcl.<span>\u00a0<\/span><\/span><span>\u00a0<\/span><\/p>\n<p><span>Ez az a hely, ahol a kicsik j\u00e1tszhatnak, torn\u00e1zhatnak vagy \u00e9ppen muzsik\u00e1lhatnak. A nagyok, azaz az anyuk\u00e1k, apuk\u00e1k, s\u0151t a nagymam\u00e1k \u00e9s a nagypap\u00e1k is b\u00e1tran bet\u00e9rhetnek, \u00e9s az sem baj, ha magukkal hozz\u00e1k a gondjaikat, probl\u00e9m\u00e1ikat. Mert az biztos, hogy \u00f3r\u00e1k m\u00falva m\u00e1r azokat h\u00e1trahagyva, \u00faj utakon indulhatnak haza\u2026<\/span><\/p>\n<p><span>V\u00e1runk szeretettel eg\u00e9sz \u00e9vben!\u00a0<\/span><\/p>\n<p>[\/et_pb_text][\/et_pb_column][\/et_pb_row][et_pb_row _builder_version=&#8221;4.17.4&#8243; _module_preset=&#8221;default&#8221; column_structure=&#8221;1_2,1_2&#8243; theme_builder_area=&#8221;post_content&#8221;][et_pb_column _builder_version=&#8221;4.17.4&#8243; _module_preset=&#8221;default&#8221; type=&#8221;1_2&#8243; theme_builder_area=&#8221;post_content&#8221;][et_pb_image _builder_version=&#8221;4.17.4&#8243; _module_preset=&#8221;default&#8221; theme_builder_area=&#8221;post_content&#8221; hover_enabled=&#8221;0&#8243; sticky_enabled=&#8221;0&#8243; title_text=&#8221;DSCN9056_k&#8221; src=&#8221;https:\/\/szulokhaza.hu\/gyor\/wp-content\/uploads\/2022\/06\/DSCN9056_k.jpg&#8221; align=&#8221;center&#8221;][\/et_pb_image][\/et_pb_column][et_pb_column _builder_version=&#8221;4.17.4&#8243; _module_preset=&#8221;default&#8221; type=&#8221;1_2&#8243; theme_builder_area=&#8221;post_content&#8221;][et_pb_image _builder_version=&#8221;4.17.4&#8243; _module_preset=&#8221;default&#8221; theme_builder_area=&#8221;post_content&#8221; hover_enabled=&#8221;0&#8243; sticky_enabled=&#8221;0&#8243; title_text=&#8221;120345799_1214544255582771_3642471497690068950_n&#8221; src=&#8221;https:\/\/szulokhaza.hu\/gyor\/wp-content\/uploads\/2022\/06\/120345799_1214544255582771_3642471497690068950_n.jpg&#8221; align=&#8221;center&#8221;][\/et_pb_image][\/et_pb_column][\/et_pb_row][\/et_pb_section]<\/p>\n","protected":false},"excerpt":{"rendered":"<p>J\u00e1tsz\u00f3h\u00e1z A Sz\u00fcl\u0151k H\u00e1za egy hatalmas nappali, ahol k\u00e9nyelmes kanap\u00e9n d\u0151lhetsz h\u00e1tra, \u00fajs\u00e1got olvashatsz, internetezhetsz, k\u00e1v\u00e9zhatsz, besz\u00e9lgethetsz, am\u00edg gyermekeid ig\u00e9nyes \u00e9s biztons\u00e1gos k\u00f6rnyezetben, szakk\u00e9pzett munkat\u00e1rsaink fel\u00fcgyelete alatt j\u00e1tszanak, 2 \u00e9ves kort\u00f3l ha szeretn\u00e9d itt is hagyhatod egyed\u00fcl.\u00a0\u00a0 Ez az a hely, ahol a kicsik j\u00e1tszhatnak, torn\u00e1zhatnak vagy \u00e9ppen muzsik\u00e1lhatnak. A nagyok, azaz az anyuk\u00e1k, apuk\u00e1k, [&hellip;]<\/p>\n","protected":false},"author":2589,"featured_media":0,"parent":0,"menu_order":0,"comment_status":"closed","ping_status":"closed","template":"","meta":{"_seopress_robots_primary_cat":"","_seopress_titles_title":"","_seopress_titles_desc":"","_seopress_robots_index":"","_et_pb_use_builder":"on","_et_pb_old_content":"","_et_gb_content_width":"","footnotes":""},"class_list":["post-8121","page","type-page","status-publish","hentry"],"_links":{"self":[{"href":"https:\/\/szulokhaza.hu\/gyor\/wp-json\/wp\/v2\/pages\/8121","targetHints":{"allow":["GET"]}}],"collection":[{"href":"https:\/\/szulokhaza.hu\/gyor\/wp-json\/wp\/v2\/pages"}],"about":[{"href":"https:\/\/szulokhaza.hu\/gyor\/wp-json\/wp\/v2\/types\/page"}],"author":[{"embeddable":true,"href":"https:\/\/szulokhaza.hu\/gyor\/wp-json\/wp\/v2\/users\/2589"}],"replies":[{"embeddable":true,"href":"https:\/\/szulokhaza.hu\/gyor\/wp-json\/wp\/v2\/comments?post=8121"}],"version-history":[{"count":3,"href":"https:\/\/szulokhaza.hu\/gyor\/wp-json\/wp\/v2\/pages\/8121\/revisions"}],"predecessor-version":[{"id":8127,"href":"https:\/\/szulokhaza.hu\/gyor\/wp-json\/wp\/v2\/pages\/8121\/revisions\/8127"}],"wp:attachment":[{"href":"https:\/\/szulokhaza.hu\/gyor\/wp-json\/wp\/v2\/media?parent=8121"}],"curies":[{"name":"wp","href":"https:\/\/api.w.org\/{rel}","templated":true}]}}