{"id":215572,"date":"2022-06-14T16:17:24","date_gmt":"2022-06-14T14:17:24","guid":{"rendered":"https:\/\/szulokhaza.hu\/kelenvolgy\/?page_id=215572"},"modified":"2022-06-17T11:45:11","modified_gmt":"2022-06-17T09:45:11","slug":"miert-minket-valassz","status":"publish","type":"page","link":"https:\/\/szulokhaza.hu\/kelenvolgy\/miert-minket-valassz\/","title":{"rendered":"Mi\u00e9rt Minket v\u00e1lassz"},"content":{"rendered":"<p>[et_pb_section fb_built=&#8221;1&#8243; admin_label=&#8221;Mi\u00e9rt minket v\u00e1lassz?&#8221; _builder_version=&#8221;4.17.4&#8243; _module_preset=&#8221;default&#8221; global_colors_info=&#8221;{}&#8221;][et_pb_row _builder_version=&#8221;4.17.4&#8243; _module_preset=&#8221;default&#8221; min_height=&#8221;142.8px&#8221; custom_margin=&#8221;-42px|auto|-35px|auto||&#8221; global_colors_info=&#8221;{}&#8221;][et_pb_column type=&#8221;4_4&#8243; _builder_version=&#8221;4.17.4&#8243; _module_preset=&#8221;default&#8221; global_colors_info=&#8221;{}&#8221;][et_pb_text _builder_version=&#8221;4.17.4&#8243; _module_preset=&#8221;default&#8221; text_letter_spacing=&#8221;10px&#8221; header_letter_spacing=&#8221;3px&#8221; header_2_text_color=&#8221;#f69e0f&#8221; header_2_letter_spacing=&#8221;3px&#8221; global_colors_info=&#8221;{}&#8221;]<\/p>\n<h2 style=\"text-align: left;\">Mi\u00e9rt minket v\u00e1lassz?<\/h2>\n<p>[\/et_pb_text][\/et_pb_column][\/et_pb_row][et_pb_row column_structure=&#8221;2_5,3_5&#8243; _builder_version=&#8221;4.17.4&#8243; _module_preset=&#8221;default&#8221; min_height=&#8221;250.9px&#8221; custom_margin=&#8221;-15px|auto|26px|auto||&#8221; custom_padding=&#8221;0px|||||&#8221; global_colors_info=&#8221;{}&#8221;][et_pb_column type=&#8221;2_5&#8243; _builder_version=&#8221;4.17.4&#8243; _module_preset=&#8221;default&#8221; global_colors_info=&#8221;{}&#8221;][et_pb_image src=&#8221;https:\/\/szulokhaza.hu\/kelenvolgy\/wp-content\/uploads\/2022\/06\/miert-minket-valasszn.jpg&#8221; alt=&#8221;Mi\u00e9rt minket v\u00e1lassz? &#8221; title_text=&#8221;Mi\u00e9rt minket v\u00e1lassz? &#8221; url=&#8221;https:\/\/www.facebook.com\/bartokkucko&#8221; url_new_window=&#8221;on&#8221; _builder_version=&#8221;4.17.4&#8243; _module_preset=&#8221;default&#8221; global_colors_info=&#8221;{}&#8221;][\/et_pb_image][\/et_pb_column][et_pb_column type=&#8221;3_5&#8243; _builder_version=&#8221;4.17.4&#8243; _module_preset=&#8221;default&#8221; global_colors_info=&#8221;{}&#8221;][et_pb_text _builder_version=&#8221;4.17.4&#8243; _module_preset=&#8221;default&#8221; text_line_height=&#8221;1.1em&#8221; header_2_text_color=&#8221;#f69e0f&#8221; header_2_letter_spacing=&#8221;2px&#8221; width=&#8221;97.6%&#8221; custom_margin=&#8221;|||-3px||&#8221; custom_padding=&#8221;|0px||4px||&#8221; global_colors_info=&#8221;{}&#8221;]<\/p>\n<p>A Sz\u00fcl\u0151k H\u00e1za Csal\u00e1di B\u00f6lcs\u0151d\u00e9iben olyan szakk\u00e9pzett pedag\u00f3gusok dolgoznak, akik a gyermekek ig\u00e9nyeit maxim\u00e1lisan figyelembev\u00e9ve, a szeretetpedag\u00f3gia m\u00f3dszer\u00e9vel terelgetik a gyerekeket; id\u0151t \u00e9s teret engedve a szabad j\u00e1t\u00e9kra.<\/p>\n<p>Fontosnak tartjuk a sz\u00fcl\u0151kkel val\u00f3 folyamatos kommunik\u00e1ci\u00f3t annak \u00e9rdek\u00e9ben, hogy p\u00e1rhuzamosan, egym\u00e1st er\u0151s\u00edtve alak\u00edtsuk ki a kisgyermek szok\u00e1sait.<\/p>\n<p>A t\u00f6rt\u00e9neti keretbe \u00e1gyazott j\u00e1t\u00e9kos foglalkoz\u00e1sok (minimuzsika, izg\u0151-mozg\u00f3 torna, minim\u0171v\u00e9sz), melyeknek alapjait pedag\u00f3gusaink a Sz\u00fcl\u0151k H\u00e1za m\u00f3dszertan alapj\u00e1n saj\u00e1t\u00edtottak el, a gyerekek \u00e9letkor\u00e1nak \u00e9s \u00e9rdekl\u0151d\u00e9s\u00e9nek megfelel\u0151ek.<\/p>\n<p>Min\u0151s\u00e9gi eszk\u00f6z\u00f6k\u00f6n kereszt\u00fcl fejl\u0151dnek a gyerekek \u00fagy, hogy k\u00f6zben \u0151k ezt j\u00e1t\u00e9knak \u00e9rzik. Ig\u00e9ny \u00e9s \u00e9rdekl\u0151d\u00e9si k\u00f6r szerint v\u00e1laszthat a kisgyermek a j\u00e1t\u00e9kok, eszk\u00f6z\u00f6k k\u00f6z\u00fcl.<\/p>\n<p>\u00dcnnepeink k\u00f6zeledt\u00e9vel k\u00f6z\u00f6ss\u00e9g\u00e9p\u00edt\u0151 programokat szervez\u00fcnk, ahol a csal\u00e1dokb\u00f3l k\u00f6z\u00f6ss\u00e9get kov\u00e1csolunk. \u00c9vszakokhoz, \u00fcnnepekhez, \u00e9s vil\u00e1gnapokhoz igaz\u00edtva tematikus hetek form\u00e1j\u00e1ban ismertetj\u00fck meg \u0151ket az \u00e9let nagy dolgaival.<\/p>\n<p>&nbsp;<\/p>\n<p>&nbsp;<\/p>\n<p>[\/et_pb_text][\/et_pb_column][\/et_pb_row][et_pb_row _builder_version=&#8221;4.17.4&#8243; _module_preset=&#8221;default&#8221; custom_padding=&#8221;0px|||||&#8221; global_colors_info=&#8221;{}&#8221;][et_pb_column type=&#8221;4_4&#8243; _builder_version=&#8221;4.17.4&#8243; _module_preset=&#8221;default&#8221; global_colors_info=&#8221;{}&#8221;][et_pb_text _builder_version=&#8221;4.17.4&#8243; _module_preset=&#8221;default&#8221; custom_margin=&#8221;-60px|||||&#8221; global_colors_info=&#8221;{}&#8221;]<\/p>\n<p>Gyere el a Sz\u00fcl\u0151k H\u00e1za B\u00f6lcs\u0151d\u00e9k valamelyik\u00e9be, \u00e9s n\u00e9zd meg, hogy dobjuk fel a napot az \u00e9gre!<\/p>\n<p>[\/et_pb_text][\/et_pb_column][\/et_pb_row][et_pb_row column_structure=&#8221;1_4,1_4,1_4,1_4&#8243; _builder_version=&#8221;4.17.4&#8243; _module_preset=&#8221;default&#8221; min_height=&#8221;214.3px&#8221; custom_margin=&#8221;-69px|auto||auto||&#8221; global_colors_info=&#8221;{}&#8221;][et_pb_column type=&#8221;1_4&#8243; _builder_version=&#8221;4.17.4&#8243; _module_preset=&#8221;default&#8221; global_colors_info=&#8221;{}&#8221;][et_pb_image src=&#8221;https:\/\/szulokhaza.hu\/kelenvolgy\/wp-content\/uploads\/2022\/06\/281004910_1138027183433037_6087139728973766810_n-1.jpg&#8221; alt=&#8221;Mi\u00e9rt minket v\u00e1lassz? &#8221; title_text=&#8221;Mi\u00e9rt minket v\u00e1lassz?&#8221; url=&#8221;https:\/\/www.facebook.com\/bartokkucko&#8221; url_new_window=&#8221;on&#8221; _builder_version=&#8221;4.17.4&#8243; _module_preset=&#8221;default&#8221; global_colors_info=&#8221;{}&#8221;][\/et_pb_image][\/et_pb_column][et_pb_column type=&#8221;1_4&#8243; _builder_version=&#8221;4.17.4&#8243; _module_preset=&#8221;default&#8221; global_colors_info=&#8221;{}&#8221;][et_pb_image src=&#8221;https:\/\/szulokhaza.hu\/kelenvolgy\/wp-content\/uploads\/2022\/06\/279153213_1124945774741178_8805850530743524831_n.jpg&#8221; alt=&#8221;Mi\u00e9rt minket v\u00e1lassz? &#8221; title_text=&#8221;Mi\u00e9rt minket v\u00e1lassz?&#8221; url=&#8221;https:\/\/www.facebook.com\/bartokkucko&#8221; url_new_window=&#8221;on&#8221; _builder_version=&#8221;4.17.4&#8243; _module_preset=&#8221;default&#8221; global_colors_info=&#8221;{}&#8221;][\/et_pb_image][\/et_pb_column][et_pb_column type=&#8221;1_4&#8243; _builder_version=&#8221;4.17.4&#8243; _module_preset=&#8221;default&#8221; global_colors_info=&#8221;{}&#8221;][et_pb_image src=&#8221;https:\/\/szulokhaza.hu\/kelenvolgy\/wp-content\/uploads\/2022\/06\/279307191_1124945734741182_7379195841554891292_n.jpg&#8221; alt=&#8221;Mi\u00e9rt minket v\u00e1lassz? &#8221; title_text=&#8221;Mi\u00e9rt minket v\u00e1lassz?&#8221; url=&#8221;https:\/\/www.facebook.com\/bartokkucko&#8221; url_new_window=&#8221;on&#8221; _builder_version=&#8221;4.17.4&#8243; _module_preset=&#8221;default&#8221; global_colors_info=&#8221;{}&#8221;][\/et_pb_image][\/et_pb_column][et_pb_column type=&#8221;1_4&#8243; _builder_version=&#8221;4.17.4&#8243; _module_preset=&#8221;default&#8221; global_colors_info=&#8221;{}&#8221;][et_pb_image src=&#8221;https:\/\/szulokhaza.hu\/kelenvolgy\/wp-content\/uploads\/2022\/06\/277526253_1108525799716509_6619632193922584330_n.jpg&#8221; alt=&#8221;Mi\u00e9rt minket v\u00e1lassz? &#8221; title_text=&#8221;Mi\u00e9rt minket v\u00e1lassz?&#8221; url=&#8221;https:\/\/www.facebook.com\/bartokkucko&#8221; url_new_window=&#8221;on&#8221; _builder_version=&#8221;4.17.4&#8243; _module_preset=&#8221;default&#8221; global_colors_info=&#8221;{}&#8221;][\/et_pb_image][\/et_pb_column][\/et_pb_row][et_pb_row column_structure=&#8221;1_5,1_5,1_5,1_5,1_5&#8243; _builder_version=&#8221;4.17.4&#8243; _module_preset=&#8221;default&#8221; min_height=&#8221;255.4px&#8221; custom_margin=&#8221;240px|auto||auto||&#8221; global_colors_info=&#8221;{}&#8221;][et_pb_column type=&#8221;1_5&#8243; _builder_version=&#8221;4.17.4&#8243; _module_preset=&#8221;default&#8221; global_colors_info=&#8221;{}&#8221;][et_pb_image src=&#8221;https:\/\/szulokhaza.hu\/kelenvolgy\/wp-content\/uploads\/2022\/06\/csaladbarat-hely_n.jpg&#8221; title_text=&#8221;csal\u00e1dbar\u00e1t hely_n&#8221; _builder_version=&#8221;4.17.4&#8243; _module_preset=&#8221;default&#8221; global_colors_info=&#8221;{}&#8221;][\/et_pb_image][\/et_pb_column][et_pb_column type=&#8221;1_5&#8243; _builder_version=&#8221;4.17.4&#8243; _module_preset=&#8221;default&#8221; global_colors_info=&#8221;{}&#8221;][\/et_pb_column][et_pb_column type=&#8221;1_5&#8243; _builder_version=&#8221;4.17.4&#8243; _module_preset=&#8221;default&#8221; global_colors_info=&#8221;{}&#8221;][et_pb_image src=&#8221;https:\/\/szulokhaza.hu\/kelenvolgy\/wp-content\/uploads\/2022\/06\/SZULOK-HAZA-BEST-PRACTICE-3.png&#8221; title_text=&#8221;SZ\u00dcL\u0150K H\u00c1ZA BEST PRACTICE (3)&#8221; _builder_version=&#8221;4.17.4&#8243; _module_preset=&#8221;default&#8221; global_colors_info=&#8221;{}&#8221;][\/et_pb_image][\/et_pb_column][et_pb_column type=&#8221;1_5&#8243; _builder_version=&#8221;4.17.4&#8243; _module_preset=&#8221;default&#8221; global_colors_info=&#8221;{}&#8221;][\/et_pb_column][et_pb_column type=&#8221;1_5&#8243; _builder_version=&#8221;4.17.4&#8243; _module_preset=&#8221;default&#8221; global_colors_info=&#8221;{}&#8221;][et_pb_image src=&#8221;https:\/\/szulokhaza.hu\/kelenvolgy\/wp-content\/uploads\/2022\/06\/SZULOK-HAZA-BEST-PRACTICE.png&#8221; title_text=&#8221;SZ\u00dcL\u0150K H\u00c1ZA BEST PRACTICE&#8221; _builder_version=&#8221;4.17.4&#8243; _module_preset=&#8221;default&#8221; global_colors_info=&#8221;{}&#8221;][\/et_pb_image][\/et_pb_column][\/et_pb_row][\/et_pb_section]<\/p>\n","protected":false},"excerpt":{"rendered":"<p>Mi\u00e9rt minket v\u00e1lassz?A Sz\u00fcl\u0151k H\u00e1za Csal\u00e1di B\u00f6lcs\u0151d\u00e9iben olyan szakk\u00e9pzett pedag\u00f3gusok dolgoznak, akik a gyermekek ig\u00e9nyeit maxim\u00e1lisan figyelembev\u00e9ve, a szeretetpedag\u00f3gia m\u00f3dszer\u00e9vel terelgetik a gyerekeket; id\u0151t \u00e9s teret engedve a szabad j\u00e1t\u00e9kra. Fontosnak tartjuk a sz\u00fcl\u0151kkel val\u00f3 folyamatos kommunik\u00e1ci\u00f3t annak \u00e9rdek\u00e9ben, hogy p\u00e1rhuzamosan, egym\u00e1st er\u0151s\u00edtve alak\u00edtsuk ki a kisgyermek szok\u00e1sait. A t\u00f6rt\u00e9neti keretbe \u00e1gyazott j\u00e1t\u00e9kos foglalkoz\u00e1sok (minimuzsika, [&hellip;]<\/p>\n","protected":false},"author":7,"featured_media":0,"parent":0,"menu_order":0,"comment_status":"closed","ping_status":"closed","template":"","meta":{"_seopress_robots_primary_cat":"","_seopress_titles_title":"","_seopress_titles_desc":"","_seopress_robots_index":"","_et_pb_use_builder":"on","_et_pb_old_content":"","_et_gb_content_width":"","footnotes":""},"class_list":["post-215572","page","type-page","status-publish","hentry"],"_links":{"self":[{"href":"https:\/\/szulokhaza.hu\/kelenvolgy\/wp-json\/wp\/v2\/pages\/215572","targetHints":{"allow":["GET"]}}],"collection":[{"href":"https:\/\/szulokhaza.hu\/kelenvolgy\/wp-json\/wp\/v2\/pages"}],"about":[{"href":"https:\/\/szulokhaza.hu\/kelenvolgy\/wp-json\/wp\/v2\/types\/page"}],"author":[{"embeddable":true,"href":"https:\/\/szulokhaza.hu\/kelenvolgy\/wp-json\/wp\/v2\/users\/7"}],"replies":[{"embeddable":true,"href":"https:\/\/szulokhaza.hu\/kelenvolgy\/wp-json\/wp\/v2\/comments?post=215572"}],"version-history":[{"count":8,"href":"https:\/\/szulokhaza.hu\/kelenvolgy\/wp-json\/wp\/v2\/pages\/215572\/revisions"}],"predecessor-version":[{"id":215658,"href":"https:\/\/szulokhaza.hu\/kelenvolgy\/wp-json\/wp\/v2\/pages\/215572\/revisions\/215658"}],"wp:attachment":[{"href":"https:\/\/szulokhaza.hu\/kelenvolgy\/wp-json\/wp\/v2\/media?parent=215572"}],"curies":[{"name":"wp","href":"https:\/\/api.w.org\/{rel}","templated":true}]}}

Miért Minket válassz

<p>[et_pb_section fb_built=&#8221;1&#8243; admin_label=&#8221;Miért minket válassz?&#8221; _builder_version=&#8221;4.17.4&#8243; _module_preset=&#8221;default&#8221; global_colors_info=&#8221;{}&#8221;][et_pb_row _builder_version=&#8221;4.17.4&#8243; _module_preset=&#8221;default&#8221; min_height=&#8221;142.8px&#8221; custom_margin=&#8221;-42px|auto|-35px|auto||&#8221; global_colors_info=&#8221;{}&#8221;][et_pb_column type=&#8221;4_4&#8243; _builder_version=&#8221;4.17.4&#8243; _module_preset=&#8221;default&#8221; global_colors_info=&#8221;{}&#8221;][et_pb_text _builder_version=&#8221;4.17.4&#8243; _module_preset=&#8221;default&#8221; text_letter_spacing=&#8221;10px&#8221; header_letter_spacing=&#8221;3px&#8221; header_2_text_color=&#8221;#f69e0f&#8221; header_2_letter_spacing=&#8221;3px&#8221; global_colors_info=&#8221;{}&#8221;]</p>
<h2 style="text-align: left;">Miért minket válassz?</h2>
<p>[/et_pb_text][/et_pb_column][/et_pb_row][et_pb_row column_structure=&#8221;2_5,3_5&#8243; _builder_version=&#8221;4.17.4&#8243; _module_preset=&#8221;default&#8221; min_height=&#8221;250.9px&#8221; custom_margin=&#8221;-15px|auto|26px|auto||&#8221; custom_padding=&#8221;0px|||||&#8221; global_colors_info=&#8221;{}&#8221;][et_pb_column type=&#8221;2_5&#8243; _builder_version=&#8221;4.17.4&#8243; _module_preset=&#8221;default&#8221; global_colors_info=&#8221;{}&#8221;][et_pb_image src=&#8221;https://szulokhaza.hu/kelenvolgy/wp-content/uploads/2022/06/miert-minket-valasszn.jpg&#8221; alt=&#8221;Miért minket válassz? &#8221; title_text=&#8221;Miért minket válassz? &#8221; url=&#8221;https://www.facebook.com/bartokkucko&#8221; url_new_window=&#8221;on&#8221; _builder_version=&#8221;4.17.4&#8243; _module_preset=&#8221;default&#8221; global_colors_info=&#8221;{}&#8221;][/et_pb_image][/et_pb_column][et_pb_column type=&#8221;3_5&#8243; _builder_version=&#8221;4.17.4&#8243; _module_preset=&#8221;default&#8221; global_colors_info=&#8221;{}&#8221;][et_pb_text _builder_version=&#8221;4.17.4&#8243; _module_preset=&#8221;default&#8221; text_line_height=&#8221;1.1em&#8221; header_2_text_color=&#8221;#f69e0f&#8221; header_2_letter_spacing=&#8221;2px&#8221; width=&#8221;97.6%&#8221; custom_margin=&#8221;|||-3px||&#8221; custom_padding=&#8221;|0px||4px||&#8221; global_colors_info=&#8221;{}&#8221;]</p>
<p>A Szülők Háza Családi Bölcsődéiben olyan szakképzett pedagógusok dolgoznak, akik a gyermekek igényeit maximálisan figyelembevéve, a szeretetpedagógia módszerével terelgetik a gyerekeket; időt és teret engedve a szabad játékra.</p>
<p>Fontosnak tartjuk a szülőkkel való folyamatos kommunikációt annak érdekében, hogy párhuzamosan, egymást erősítve alakítsuk ki a kisgyermek szokásait.</p>
<p>A történeti keretbe ágyazott játékos foglalkozások (minimuzsika, izgő-mozgó torna, miniművész), melyeknek alapjait pedagógusaink a Szülők Háza módszertan alapján sajátítottak el, a gyerekek életkorának és érdeklődésének megfelelőek.</p>
<p>Minőségi eszközökön keresztül fejlődnek a gyerekek úgy, hogy közben ők ezt játéknak érzik. Igény és érdeklődési kör szerint választhat a kisgyermek a játékok, eszközök közül.</p>
<p>Ünnepeink közeledtével közösségépítő programokat szervezünk, ahol a családokból közösséget kovácsolunk. Évszakokhoz, ünnepekhez, és világnapokhoz igazítva tematikus hetek formájában ismertetjük meg őket az élet nagy dolgaival.</p>
<p>&nbsp;</p>
<p>&nbsp;</p>
<p>[/et_pb_text][/et_pb_column][/et_pb_row][et_pb_row _builder_version=&#8221;4.17.4&#8243; _module_preset=&#8221;default&#8221; custom_padding=&#8221;0px|||||&#8221; global_colors_info=&#8221;{}&#8221;][et_pb_column type=&#8221;4_4&#8243; _builder_version=&#8221;4.17.4&#8243; _module_preset=&#8221;default&#8221; global_colors_info=&#8221;{}&#8221;][et_pb_text _builder_version=&#8221;4.17.4&#8243; _module_preset=&#8221;default&#8221; custom_margin=&#8221;-60px|||||&#8221; global_colors_info=&#8221;{}&#8221;]</p>
<p>Gyere el a Szülők Háza Bölcsődék valamelyikébe, és nézd meg, hogy dobjuk fel a napot az égre!</p>
<p>[/et_pb_text][/et_pb_column][/et_pb_row][et_pb_row column_structure=&#8221;1_4,1_4,1_4,1_4&#8243; _builder_version=&#8221;4.17.4&#8243; _module_preset=&#8221;default&#8221; min_height=&#8221;214.3px&#8221; custom_margin=&#8221;-69px|auto||auto||&#8221; global_colors_info=&#8221;{}&#8221;][et_pb_column type=&#8221;1_4&#8243; _builder_version=&#8221;4.17.4&#8243; _module_preset=&#8221;default&#8221; global_colors_info=&#8221;{}&#8221;][et_pb_image src=&#8221;https://szulokhaza.hu/kelenvolgy/wp-content/uploads/2022/06/281004910_1138027183433037_6087139728973766810_n-1.jpg&#8221; alt=&#8221;Miért minket válassz? &#8221; title_text=&#8221;Miért minket válassz?&#8221; url=&#8221;https://www.facebook.com/bartokkucko&#8221; url_new_window=&#8221;on&#8221; _builder_version=&#8221;4.17.4&#8243; _module_preset=&#8221;default&#8221; global_colors_info=&#8221;{}&#8221;][/et_pb_image][/et_pb_column][et_pb_column type=&#8221;1_4&#8243; _builder_version=&#8221;4.17.4&#8243; _module_preset=&#8221;default&#8221; global_colors_info=&#8221;{}&#8221;][et_pb_image src=&#8221;https://szulokhaza.hu/kelenvolgy/wp-content/uploads/2022/06/279153213_1124945774741178_8805850530743524831_n.jpg&#8221; alt=&#8221;Miért minket válassz? &#8221; title_text=&#8221;Miért minket válassz?&#8221; url=&#8221;https://www.facebook.com/bartokkucko&#8221; url_new_window=&#8221;on&#8221; _builder_version=&#8221;4.17.4&#8243; _module_preset=&#8221;default&#8221; global_colors_info=&#8221;{}&#8221;][/et_pb_image][/et_pb_column][et_pb_column type=&#8221;1_4&#8243; _builder_version=&#8221;4.17.4&#8243; _module_preset=&#8221;default&#8221; global_colors_info=&#8221;{}&#8221;][et_pb_image src=&#8221;https://szulokhaza.hu/kelenvolgy/wp-content/uploads/2022/06/279307191_1124945734741182_7379195841554891292_n.jpg&#8221; alt=&#8221;Miért minket válassz? &#8221; title_text=&#8221;Miért minket válassz?&#8221; url=&#8221;https://www.facebook.com/bartokkucko&#8221; url_new_window=&#8221;on&#8221; _builder_version=&#8221;4.17.4&#8243; _module_preset=&#8221;default&#8221; global_colors_info=&#8221;{}&#8221;][/et_pb_image][/et_pb_column][et_pb_column type=&#8221;1_4&#8243; _builder_version=&#8221;4.17.4&#8243; _module_preset=&#8221;default&#8221; global_colors_info=&#8221;{}&#8221;][et_pb_image src=&#8221;https://szulokhaza.hu/kelenvolgy/wp-content/uploads/2022/06/277526253_1108525799716509_6619632193922584330_n.jpg&#8221; alt=&#8221;Miért minket válassz? &#8221; title_text=&#8221;Miért minket válassz?&#8221; url=&#8221;https://www.facebook.com/bartokkucko&#8221; url_new_window=&#8221;on&#8221; _builder_version=&#8221;4.17.4&#8243; _module_preset=&#8221;default&#8221; global_colors_info=&#8221;{}&#8221;][/et_pb_image][/et_pb_column][/et_pb_row][et_pb_row column_structure=&#8221;1_5,1_5,1_5,1_5,1_5&#8243; _builder_version=&#8221;4.17.4&#8243; _module_preset=&#8221;default&#8221; min_height=&#8221;255.4px&#8221; custom_margin=&#8221;240px|auto||auto||&#8221; global_colors_info=&#8221;{}&#8221;][et_pb_column type=&#8221;1_5&#8243; _builder_version=&#8221;4.17.4&#8243; _module_preset=&#8221;default&#8221; global_colors_info=&#8221;{}&#8221;][et_pb_image src=&#8221;https://szulokhaza.hu/kelenvolgy/wp-content/uploads/2022/06/csaladbarat-hely_n.jpg&#8221; title_text=&#8221;családbarát hely_n&#8221; _builder_version=&#8221;4.17.4&#8243; _module_preset=&#8221;default&#8221; global_colors_info=&#8221;{}&#8221;][/et_pb_image][/et_pb_column][et_pb_column type=&#8221;1_5&#8243; _builder_version=&#8221;4.17.4&#8243; _module_preset=&#8221;default&#8221; global_colors_info=&#8221;{}&#8221;][/et_pb_column][et_pb_column type=&#8221;1_5&#8243; _builder_version=&#8221;4.17.4&#8243; _module_preset=&#8221;default&#8221; global_colors_info=&#8221;{}&#8221;][et_pb_image src=&#8221;https://szulokhaza.hu/kelenvolgy/wp-content/uploads/2022/06/SZULOK-HAZA-BEST-PRACTICE-3.png&#8221; title_text=&#8221;SZÜLŐK HÁZA BEST PRACTICE (3)&#8221; _builder_version=&#8221;4.17.4&#8243; _module_preset=&#8221;default&#8221; global_colors_info=&#8221;{}&#8221;][/et_pb_image][/et_pb_column][et_pb_column type=&#8221;1_5&#8243; _builder_version=&#8221;4.17.4&#8243; _module_preset=&#8221;default&#8221; global_colors_info=&#8221;{}&#8221;][/et_pb_column][et_pb_column type=&#8221;1_5&#8243; _builder_version=&#8221;4.17.4&#8243; _module_preset=&#8221;default&#8221; global_colors_info=&#8221;{}&#8221;][et_pb_image src=&#8221;https://szulokhaza.hu/kelenvolgy/wp-content/uploads/2022/06/SZULOK-HAZA-BEST-PRACTICE.png&#8221; title_text=&#8221;SZÜLŐK HÁZA BEST PRACTICE&#8221; _builder_version=&#8221;4.17.4&#8243; _module_preset=&#8221;default&#8221; global_colors_info=&#8221;{}&#8221;][/et_pb_image][/et_pb_column][/et_pb_row][/et_pb_section]</p>

<p>Miért minket válassz?A Szülők Háza Családi Bölcsődéiben olyan szakképzett pedagógusok dolgoznak, akik a gyermekek igényeit maximálisan figyelembevéve, a szeretetpedagógia módszerével terelgetik a gyerekeket; időt és teret engedve a szabad játékra. Fontosnak tartjuk a szülőkkel való folyamatos kommunikációt annak érdekében, hogy párhuzamosan, egymást erősítve alakítsuk ki a kisgyermek szokásait. A történeti keretbe ágyazott játékos foglalkozások (minimuzsika, [&hellip;]</p>
